{"version":"1.0","provider_name":"Sombra Festival","provider_url":"https:\/\/sombrafestival.com\/en","title":"Charla | Sombra: Un Festival Europeo - Sombra Festival","type":"rich","width":600,"height":338,"html":"<blockquote class=\"wp-embedded-content\" data-secret=\"tscRHVpFJV\"><a href=\"https:\/\/sombrafestival.com\/en\/charla-sombra-un-festival-europeo\/\">Charla | Sombra: Un Festival Europeo<\/a><\/blockquote><iframe sandbox=\"allow-scripts\" security=\"restricted\" src=\"https:\/\/sombrafestival.com\/en\/charla-sombra-un-festival-europeo\/embed\/#?secret=tscRHVpFJV\" width=\"600\" height=\"338\" title=\"&#8220;Charla | Sombra: Un Festival Europeo&#8221; &#8212; Sombra Festival\" data-secret=\"tscRHVpFJV\" frameborder=\"0\" marginwidth=\"0\" marginheight=\"0\" scrolling=\"no\" class=\"wp-embedded-content\"><\/iframe><script type=\"text\/javascript\">\n\/* <![CDATA[ *\/\n\/*! This file is auto-generated *\/\n!function(d,l){\"use strict\";l.querySelector&&d.addEventListener&&\"undefined\"!=typeof URL&&(d.wp=d.wp||{},d.wp.receiveEmbedMessage||(d.wp.receiveEmbedMessage=function(e){var t=e.data;if((t||t.secret||t.message||t.value)&&!\/[^a-zA-Z0-9]\/.test(t.secret)){for(var s,r,n,a=l.querySelectorAll('iframe[data-secret=\"'+t.secret+'\"]'),o=l.querySelectorAll('blockquote[data-secret=\"'+t.secret+'\"]'),c=new RegExp(\"^https?:$\",\"i\"),i=0;i<o.length;i++)o[i].style.display=\"none\";for(i=0;i<a.length;i++)s=a[i],e.source===s.contentWindow&&(s.removeAttribute(\"style\"),\"height\"===t.message?(1e3<(r=parseInt(t.value,10))?r=1e3:~~r<200&&(r=200),s.height=r):\"link\"===t.message&&(r=new URL(s.getAttribute(\"src\")),n=new URL(t.value),c.test(n.protocol))&&n.host===r.host&&l.activeElement===s&&(d.top.location.href=t.value))}},d.addEventListener(\"message\",d.wp.receiveEmbedMessage,!1),l.addEventListener(\"DOMContentLoaded\",function(){for(var e,t,s=l.querySelectorAll(\"iframe.wp-embedded-content\"),r=0;r<s.length;r++)(t=(e=s[r]).getAttribute(\"data-secret\"))||(t=Math.random().toString(36).substring(2,12),e.src+=\"#?secret=\"+t,e.setAttribute(\"data-secret\",t)),e.contentWindow.postMessage({message:\"ready\",secret:t},\"*\")},!1)))}(window,document);\n\/* ]]> *\/\n<\/script>","thumbnail_url":"https:\/\/sombrafestival.com\/wp-content\/uploads\/2023\/02\/la-llamada-de-Cthulhu.jpg","thumbnail_width":900,"thumbnail_height":892,"description":"Charla | Sombra: Un Festival Europeo \u00bfCu\u00e1ndo?: Martes, 12 de marzo a las 12:00\u00bfD\u00f3nde?: Filmoteca Regional | Sala BPrecio: Gratuito Participan: Eva Serna L\u00f3pez (Documentalista del Centro Europe Direct Regi\u00f3n de Murcia) Juan Antonio Iborra (T\u00e9cnico responsable de proyectos europeos de la Direcci\u00f3n General de la UE (DGUE) Javier Garc\u00eda (Director Sombra)"}

Charla | Sombra: Un Festival Europeo ¿Cuándo?: Martes, 12 de marzo a las 12:00¿Dónde?: Filmoteca Regional | Sala BPrecio: Gratuito Participan: Eva Serna López (Documentalista del Centro Europe Direct Región de Murcia) Juan Antonio Iborra (Técnico responsable de proyectos europeos de la Dirección General de la UE (DGUE) Javier García (Director Sombra)
