{"version":"1.0","provider_name":"Sombra Festival","provider_url":"https:\/\/sombrafestival.com\/en","title":"Fr\u00e9waka | Media Window | Secci\u00f3n Oficial a Concurso - Sombra Festival","type":"rich","width":600,"height":338,"html":"<blockquote class=\"wp-embedded-content\" data-secret=\"hkDdMuaDo7\"><a href=\"https:\/\/sombrafestival.com\/en\/largometrajes-2025\/frewaka-media-window\/\">Fr\u00e9waka | Media Window | Secci\u00f3n Oficial a Concurso<\/a><\/blockquote><iframe sandbox=\"allow-scripts\" security=\"restricted\" src=\"https:\/\/sombrafestival.com\/en\/largometrajes-2025\/frewaka-media-window\/embed\/#?secret=hkDdMuaDo7\" width=\"600\" height=\"338\" title=\"&#8220;Fr\u00e9waka | Media Window | Secci\u00f3n Oficial a Concurso&#8221; &#8212; Sombra Festival\" data-secret=\"hkDdMuaDo7\" frameborder=\"0\" marginwidth=\"0\" marginheight=\"0\" scrolling=\"no\" class=\"wp-embedded-content\"><\/iframe><script type=\"text\/javascript\">\n\/* <![CDATA[ *\/\n\/*! This file is auto-generated *\/\n!function(d,l){\"use strict\";l.querySelector&&d.addEventListener&&\"undefined\"!=typeof URL&&(d.wp=d.wp||{},d.wp.receiveEmbedMessage||(d.wp.receiveEmbedMessage=function(e){var t=e.data;if((t||t.secret||t.message||t.value)&&!\/[^a-zA-Z0-9]\/.test(t.secret)){for(var s,r,n,a=l.querySelectorAll('iframe[data-secret=\"'+t.secret+'\"]'),o=l.querySelectorAll('blockquote[data-secret=\"'+t.secret+'\"]'),c=new RegExp(\"^https?:$\",\"i\"),i=0;i<o.length;i++)o[i].style.display=\"none\";for(i=0;i<a.length;i++)s=a[i],e.source===s.contentWindow&&(s.removeAttribute(\"style\"),\"height\"===t.message?(1e3<(r=parseInt(t.value,10))?r=1e3:~~r<200&&(r=200),s.height=r):\"link\"===t.message&&(r=new URL(s.getAttribute(\"src\")),n=new URL(t.value),c.test(n.protocol))&&n.host===r.host&&l.activeElement===s&&(d.top.location.href=t.value))}},d.addEventListener(\"message\",d.wp.receiveEmbedMessage,!1),l.addEventListener(\"DOMContentLoaded\",function(){for(var e,t,s=l.querySelectorAll(\"iframe.wp-embedded-content\"),r=0;r<s.length;r++)(t=(e=s[r]).getAttribute(\"data-secret\"))||(t=Math.random().toString(36).substring(2,12),e.src+=\"#?secret=\"+t,e.setAttribute(\"data-secret\",t)),e.contentWindow.postMessage({message:\"ready\",secret:t},\"*\")},!1)))}(window,document);\n\/* ]]> *\/\n<\/script>","thumbnail_url":"https:\/\/sombrafestival.com\/wp-content\/uploads\/2025\/01\/frewaka-246019395-large.jpg","thumbnail_width":511,"thumbnail_height":720,"description":"Fecha: Domingo, 16 de marzo Hora: 18:00 Lugar: Filmoteca Regional de Murcia (Sala A) Idioma: VOSE COMPRA ENTRADAS Sinopsis La historia de una estudiante de enfermer\u00eda de cuidados paliativos que est\u00e1 acosada por un trauma de su pasado que tiene un efecto desorientador en su presente: su relaci\u00f3n, su carrera y su capacidad para funcionar. [&hellip;]"}

Fréwaka | Media Window | Sección Oficial a Concurso - Sombra Festival

<blockquote class="wp-embedded-content" data-secret="hkDdMuaDo7"><a href="https://sombrafestival.com/en/largometrajes-2025/frewaka-media-window/">Fréwaka | Media Window | Sección Oficial a Concurso</a></blockquote><iframe sandbox="allow-scripts" security="restricted" src="https://sombrafestival.com/en/largometrajes-2025/frewaka-media-window/embed/#?secret=hkDdMuaDo7" width="600" height="338" title="&#8220;Fréwaka | Media Window | Sección Oficial a Concurso&#8221; &#8212; Sombra Festival" data-secret="hkDdMuaDo7" frameborder="0" marginwidth="0" marginheight="0" scrolling="no" class="wp-embedded-content"></iframe><script type="text/javascript">
/* <![CDATA[ */
/*! This file is auto-generated */
!function(d,l){"use strict";l.querySelector&&d.addEventListener&&"undefined"!=typeof URL&&(d.wp=d.wp||{},d.wp.receiveEmbedMessage||(d.wp.receiveEmbedMessage=function(e){var t=e.data;if((t||t.secret||t.message||t.value)&&!/[^a-zA-Z0-9]/.test(t.secret)){for(var s,r,n,a=l.querySelectorAll('iframe[data-secret="'+t.secret+'"]'),o=l.querySelectorAll('blockquote[data-secret="'+t.secret+'"]'),c=new RegExp("^https?:$","i"),i=0;i<o.length;i++)o[i].style.display="none";for(i=0;i<a.length;i++)s=a[i],e.source===s.contentWindow&&(s.removeAttribute("style"),"height"===t.message?(1e3<(r=parseInt(t.value,10))?r=1e3:~~r<200&&(r=200),s.height=r):"link"===t.message&&(r=new URL(s.getAttribute("src")),n=new URL(t.value),c.test(n.protocol))&&n.host===r.host&&l.activeElement===s&&(d.top.location.href=t.value))}},d.addEventListener("message",d.wp.receiveEmbedMessage,!1),l.addEventListener("DOMContentLoaded",function(){for(var e,t,s=l.querySelectorAll("iframe.wp-embedded-content"),r=0;r<s.length;r++)(t=(e=s[r]).getAttribute("data-secret"))||(t=Math.random().toString(36).substring(2,12),e.src+="#?secret="+t,e.setAttribute("data-secret",t)),e.contentWindow.postMessage({message:"ready",secret:t},"*")},!1)))}(window,document);
/* ]]> */
</script>

Fecha: Domingo, 16 de marzo Hora: 18:00 Lugar: Filmoteca Regional de Murcia (Sala A) Idioma: VOSE COMPRA ENTRADAS Sinopsis La historia de una estudiante de enfermería de cuidados paliativos que está acosada por un trauma de su pasado que tiene un efecto desorientador en su presente: su relación, su carrera y su capacidad para funcionar. [&hellip;]
