{"version":"1.0","provider_name":"Sombra Festival","provider_url":"https:\/\/sombrafestival.com\/en","title":"The End | Joyas del Terror - Sombra Festival","type":"rich","width":600,"height":338,"html":"<blockquote class=\"wp-embedded-content\" data-secret=\"HwyG5aNtfR\"><a href=\"https:\/\/sombrafestival.com\/en\/largometrajes-2025\/the-end-joyas-del-terror\/\">The End | Joyas del Terror<\/a><\/blockquote><iframe sandbox=\"allow-scripts\" security=\"restricted\" src=\"https:\/\/sombrafestival.com\/en\/largometrajes-2025\/the-end-joyas-del-terror\/embed\/#?secret=HwyG5aNtfR\" width=\"600\" height=\"338\" title=\"&#8220;The End | Joyas del Terror&#8221; &#8212; Sombra Festival\" data-secret=\"HwyG5aNtfR\" frameborder=\"0\" marginwidth=\"0\" marginheight=\"0\" scrolling=\"no\" class=\"wp-embedded-content\"><\/iframe><script type=\"text\/javascript\">\n\/* <![CDATA[ *\/\n\/*! This file is auto-generated *\/\n!function(d,l){\"use strict\";l.querySelector&&d.addEventListener&&\"undefined\"!=typeof URL&&(d.wp=d.wp||{},d.wp.receiveEmbedMessage||(d.wp.receiveEmbedMessage=function(e){var t=e.data;if((t||t.secret||t.message||t.value)&&!\/[^a-zA-Z0-9]\/.test(t.secret)){for(var s,r,n,a=l.querySelectorAll('iframe[data-secret=\"'+t.secret+'\"]'),o=l.querySelectorAll('blockquote[data-secret=\"'+t.secret+'\"]'),c=new RegExp(\"^https?:$\",\"i\"),i=0;i<o.length;i++)o[i].style.display=\"none\";for(i=0;i<a.length;i++)s=a[i],e.source===s.contentWindow&&(s.removeAttribute(\"style\"),\"height\"===t.message?(1e3<(r=parseInt(t.value,10))?r=1e3:~~r<200&&(r=200),s.height=r):\"link\"===t.message&&(r=new URL(s.getAttribute(\"src\")),n=new URL(t.value),c.test(n.protocol))&&n.host===r.host&&l.activeElement===s&&(d.top.location.href=t.value))}},d.addEventListener(\"message\",d.wp.receiveEmbedMessage,!1),l.addEventListener(\"DOMContentLoaded\",function(){for(var e,t,s=l.querySelectorAll(\"iframe.wp-embedded-content\"),r=0;r<s.length;r++)(t=(e=s[r]).getAttribute(\"data-secret\"))||(t=Math.random().toString(36).substring(2,12),e.src+=\"#?secret=\"+t,e.setAttribute(\"data-secret\",t)),e.contentWindow.postMessage({message:\"ready\",secret:t},\"*\")},!1)))}(window,document);\n\/* ]]> *\/\n<\/script>","thumbnail_url":"https:\/\/sombrafestival.com\/wp-content\/uploads\/2025\/02\/the_end-620136160-large.jpg","thumbnail_width":809,"thumbnail_height":1200,"description":"Fecha: Domingo, 16 de marzo Hora: 20:00 Lugar: Filmoteca Regional de Murcia (Sala A) Idioma: VOSE Preestreno COMPRAR ENTRADAS Sinopsis Dos d\u00e9cadas despu\u00e9s del fin del mundo, una familia vive en su lujoso b\u00fanker construido en una mina de sal. El hijo, un joven de 20 a\u00f1os que nunca ha visto el mundo exterior, el [&hellip;]"}

Fecha: Domingo, 16 de marzo Hora: 20:00 Lugar: Filmoteca Regional de Murcia (Sala A) Idioma: VOSE Preestreno COMPRAR ENTRADAS Sinopsis Dos décadas después del fin del mundo, una familia vive en su lujoso búnker construido en una mina de sal. El hijo, un joven de 20 años que nunca ha visto el mundo exterior, el [&hellip;]
