{"id":4256,"date":"2022-02-06T20:07:24","date_gmt":"2022-02-06T19:07:24","guid":{"rendered":"https:\/\/sombrafestival.com\/?page_id=4256"},"modified":"2022-02-11T23:20:27","modified_gmt":"2022-02-11T22:20:27","slug":"jurado-largometrajes-2022-melina-mathews","status":"publish","type":"page","link":"https:\/\/sombrafestival.com\/en\/jurado-largometrajes-2022-melina-mathews\/","title":{"rendered":"Jurado largometrajes 2022: Melina Mathews"},"content":{"rendered":"<p class=\"has-text-color has-background has-large-font-size has-very-dark-gray-color has-very-light-gray-background-color\"><strong>Melina Mathews<\/strong><\/p>\n\n\n\n<p>Nacida en Barcelona, se licenci\u00f3 en Periodismo por la Universidad de Westminster, Londres. Compagin\u00f3 su licenciatura con cursos de teatro en la Central School of Speech and Drama. Desde muy joven, la interpretaci\u00f3n llam\u00f3 su atenci\u00f3n y se convirti\u00f3 en su verdadera vocaci\u00f3n. Su triple nacionalidad le ha permitido moverse como pez en el agua tanto en producciones internacionales como en Espa\u00f1a. En cine, la hemos visto en <strong>The Returned<\/strong>; <strong>Negociador<\/strong>, <strong>El Jugador de Ajedrez<\/strong>, <strong>Black Beach<\/strong> y ha protagonizado la cinta mexicana <strong>Silencio<\/strong> y la comedia <strong>Donde Caben Dos<\/strong>. En televisi\u00f3n ha trabajado en exitosas series como <strong>El Pr\u00edncipe<\/strong>, <strong>La Otra Mirada<\/strong>, <strong>La Peste: la mano de la gardu\u00f1a<\/strong>, <strong>Warrior Nun<\/strong> y tiene pendiente <strong>Sentimos Las Molestias<\/strong>.<\/p>\n\n\n\n<div class=\"wp-block-image\"><figure class=\"aligncenter\"><img loading=\"lazy\" decoding=\"async\" width=\"400\" height=\"445\" src=\"https:\/\/sombrafestival.com\/wp-content\/uploads\/2022\/02\/Melina-Mathews.jpg\" alt=\"Melina Mathews\" class=\"wp-image-4257\" srcset=\"https:\/\/sombrafestival.com\/wp-content\/uploads\/2022\/02\/Melina-Mathews.jpg 400w, https:\/\/sombrafestival.com\/wp-content\/uploads\/2022\/02\/Melina-Mathews-270x300.jpg 270w, https:\/\/sombrafestival.com\/wp-content\/uploads\/2022\/02\/Melina-Mathews-378x420.jpg 378w\" sizes=\"auto, (max-width: 400px) 100vw, 400px\" \/><\/figure><\/div>","protected":false},"excerpt":{"rendered":"<p>Melina Mathews Nacida en Barcelona, se licenci\u00f3 en Periodismo por la Universidad de Westminster, Londres. Compagin\u00f3 su licenciatura con cursos de teatro en la Central School of Speech and Drama. Desde muy joven, la interpretaci\u00f3n llam\u00f3 su atenci\u00f3n y se convirti\u00f3 en su verdadera vocaci\u00f3n. Su triple nacionalidad le ha permitido moverse como pez en [&hellip;]<\/p>","protected":false},"author":2,"featured_media":0,"parent":0,"menu_order":0,"comment_status":"closed","ping_status":"closed","template":"","meta":{"footnotes":""},"class_list":["post-4256","page","type-page","status-publish"],"yoast_head":"<!-- This site is optimized with the Yoast SEO plugin v24.3 - https:\/\/yoast.com\/wordpress\/plugins\/seo\/ -->\n<title>Jurado largometrajes 2022: Melina Mathews - Sombra Festival<\/title>\n<meta name=\"robots\" content=\"index, follow, max-snippet:-1, max-image-preview:large, max-video-preview:-1\" \/>\n<link rel=\"canonical\" href=\"https:\/\/sombrafestival.com\/en\/jurado-largometrajes-2022-melina-mathews\/\" \/>\n<meta property=\"og:locale\" content=\"en_GB\" \/>\n<meta property=\"og:type\" content=\"article\" \/>\n<meta property=\"og:title\" content=\"Jurado largometrajes 2022: Melina Mathews - Sombra Festival\" \/>\n<meta property=\"og:description\" content=\"Melina Mathews Nacida en Barcelona, se licenci\u00f3 en Periodismo por la Universidad de Westminster, Londres. Compagin\u00f3 su licenciatura con cursos de teatro en la Central School of Speech and Drama. Desde muy joven, la interpretaci\u00f3n llam\u00f3 su atenci\u00f3n y se convirti\u00f3 en su verdadera vocaci\u00f3n. Su triple nacionalidad le ha permitido moverse como pez en [&hellip;]\" \/>\n<meta property=\"og:url\" content=\"https:\/\/sombrafestival.com\/en\/jurado-largometrajes-2022-melina-mathews\/\" \/>\n<meta property=\"og:site_name\" content=\"Sombra Festival\" \/>\n<meta property=\"article:publisher\" content=\"https:\/\/www.facebook.com\/Sombra-Festival-De-CINE-Fantastico-Europeo-De-Murcia-175337032531429\/\" \/>\n<meta property=\"article:modified_time\" content=\"2022-02-11T22:20:27+00:00\" \/>\n<meta property=\"og:image\" content=\"https:\/\/sombrafestival.com\/wp-content\/uploads\/2022\/02\/Melina-Mathews.jpg\" \/>\n<meta name=\"twitter:card\" content=\"summary_large_image\" \/>\n<meta name=\"twitter:site\" content=\"@SombraFestival\" \/>\n<meta name=\"twitter:label1\" content=\"Est. reading time\" \/>\n\t<meta name=\"twitter:data1\" content=\"1 minute\" \/>\n<script type=\"application\/ld+json\" class=\"yoast-schema-graph\">{\"@context\":\"https:\/\/schema.org\",\"@graph\":[{\"@type\":\"WebPage\",\"@id\":\"https:\/\/sombrafestival.com\/jurado-largometrajes-2022-melina-mathews\/\",\"url\":\"https:\/\/sombrafestival.com\/jurado-largometrajes-2022-melina-mathews\/\",\"name\":\"Jurado largometrajes 2022: Melina Mathews - Sombra Festival\",\"isPartOf\":{\"@id\":\"https:\/\/sombrafestival.com\/en\/#website\"},\"primaryImageOfPage\":{\"@id\":\"https:\/\/sombrafestival.com\/jurado-largometrajes-2022-melina-mathews\/#primaryimage\"},\"image\":{\"@id\":\"https:\/\/sombrafestival.com\/jurado-largometrajes-2022-melina-mathews\/#primaryimage\"},\"thumbnailUrl\":\"https:\/\/sombrafestival.com\/wp-content\/uploads\/2022\/02\/Melina-Mathews.jpg\",\"datePublished\":\"2022-02-06T19:07:24+00:00\",\"dateModified\":\"2022-02-11T22:20:27+00:00\",\"breadcrumb\":{\"@id\":\"https:\/\/sombrafestival.com\/jurado-largometrajes-2022-melina-mathews\/#breadcrumb\"},\"inLanguage\":\"en-GB\",\"potentialAction\":[{\"@type\":\"ReadAction\",\"target\":[\"https:\/\/sombrafestival.com\/jurado-largometrajes-2022-melina-mathews\/\"]}]},{\"@type\":\"ImageObject\",\"inLanguage\":\"en-GB\",\"@id\":\"https:\/\/sombrafestival.com\/jurado-largometrajes-2022-melina-mathews\/#primaryimage\",\"url\":\"https:\/\/sombrafestival.com\/wp-content\/uploads\/2022\/02\/Melina-Mathews.jpg\",\"contentUrl\":\"https:\/\/sombrafestival.com\/wp-content\/uploads\/2022\/02\/Melina-Mathews.jpg\"},{\"@type\":\"BreadcrumbList\",\"@id\":\"https:\/\/sombrafestival.com\/jurado-largometrajes-2022-melina-mathews\/#breadcrumb\",\"itemListElement\":[{\"@type\":\"ListItem\",\"position\":1,\"name\":\"Portada\",\"item\":\"https:\/\/sombrafestival.com\/\"},{\"@type\":\"ListItem\",\"position\":2,\"name\":\"Jurado largometrajes 2022: Melina Mathews\"}]},{\"@type\":\"WebSite\",\"@id\":\"https:\/\/sombrafestival.com\/en\/#website\",\"url\":\"https:\/\/sombrafestival.com\/en\/\",\"name\":\"Sombra Festival\",\"description\":\"XIII Festival de Cine Fant\u00e1stico Europeo de Murcia, 8-17 MARZO 2024\",\"publisher\":{\"@id\":\"https:\/\/sombrafestival.com\/en\/#organization\"},\"potentialAction\":[{\"@type\":\"SearchAction\",\"target\":{\"@type\":\"EntryPoint\",\"urlTemplate\":\"https:\/\/sombrafestival.com\/en\/?s={search_term_string}\"},\"query-input\":{\"@type\":\"PropertyValueSpecification\",\"valueRequired\":true,\"valueName\":\"search_term_string\"}}],\"inLanguage\":\"en-GB\"},{\"@type\":\"Organization\",\"@id\":\"https:\/\/sombrafestival.com\/en\/#organization\",\"name\":\"SOMBRA, IX FESTIVAL DE CINE FANTASTICO EUROPEO DE MURCIA\",\"url\":\"https:\/\/sombrafestival.com\/en\/\",\"logo\":{\"@type\":\"ImageObject\",\"inLanguage\":\"en-GB\",\"@id\":\"https:\/\/sombrafestival.com\/en\/#\/schema\/logo\/image\/\",\"url\":\"https:\/\/sombrafestival.com\/wp-content\/uploads\/2019\/10\/Sombra-LogoIdentificador-Negativo.jpg\",\"contentUrl\":\"https:\/\/sombrafestival.com\/wp-content\/uploads\/2019\/10\/Sombra-LogoIdentificador-Negativo.jpg\",\"width\":400,\"height\":400,\"caption\":\"SOMBRA, IX FESTIVAL DE CINE FANTASTICO EUROPEO DE MURCIA\"},\"image\":{\"@id\":\"https:\/\/sombrafestival.com\/en\/#\/schema\/logo\/image\/\"},\"sameAs\":[\"https:\/\/www.facebook.com\/Sombra-Festival-De-CINE-Fantastico-Europeo-De-Murcia-175337032531429\/\",\"https:\/\/x.com\/SombraFestival\",\"https:\/\/www.instagram.com\/sombrafestival\/\",\"https:\/\/www.youtube.com\/channel\/UCBdSJni9V30Tq4cGf4Lj0Ug?view_as=subscriber\"]}]}<\/script>\n<!-- \/ Yoast SEO plugin. -->","yoast_head_json":{"title":"Jurado largometrajes 2022: Melina Mathews - Sombra Festival","robots":{"index":"index","follow":"follow","max-snippet":"max-snippet:-1","max-image-preview":"max-image-preview:large","max-video-preview":"max-video-preview:-1"},"canonical":"https:\/\/sombrafestival.com\/en\/jurado-largometrajes-2022-melina-mathews\/","og_locale":"en_GB","og_type":"article","og_title":"Jurado largometrajes 2022: Melina Mathews - Sombra Festival","og_description":"Melina Mathews Nacida en Barcelona, se licenci\u00f3 en Periodismo por la Universidad de Westminster, Londres. Compagin\u00f3 su licenciatura con cursos de teatro en la Central School of Speech and Drama. Desde muy joven, la interpretaci\u00f3n llam\u00f3 su atenci\u00f3n y se convirti\u00f3 en su verdadera vocaci\u00f3n. Su triple nacionalidad le ha permitido moverse como pez en [&hellip;]","og_url":"https:\/\/sombrafestival.com\/en\/jurado-largometrajes-2022-melina-mathews\/","og_site_name":"Sombra Festival","article_publisher":"https:\/\/www.facebook.com\/Sombra-Festival-De-CINE-Fantastico-Europeo-De-Murcia-175337032531429\/","article_modified_time":"2022-02-11T22:20:27+00:00","og_image":[{"url":"https:\/\/sombrafestival.com\/wp-content\/uploads\/2022\/02\/Melina-Mathews.jpg","type":"","width":"","height":""}],"twitter_card":"summary_large_image","twitter_site":"@SombraFestival","twitter_misc":{"Est. reading time":"1 minute"},"schema":{"@context":"https:\/\/schema.org","@graph":[{"@type":"WebPage","@id":"https:\/\/sombrafestival.com\/jurado-largometrajes-2022-melina-mathews\/","url":"https:\/\/sombrafestival.com\/jurado-largometrajes-2022-melina-mathews\/","name":"Jurado largometrajes 2022: Melina Mathews - Sombra Festival","isPartOf":{"@id":"https:\/\/sombrafestival.com\/en\/#website"},"primaryImageOfPage":{"@id":"https:\/\/sombrafestival.com\/jurado-largometrajes-2022-melina-mathews\/#primaryimage"},"image":{"@id":"https:\/\/sombrafestival.com\/jurado-largometrajes-2022-melina-mathews\/#primaryimage"},"thumbnailUrl":"https:\/\/sombrafestival.com\/wp-content\/uploads\/2022\/02\/Melina-Mathews.jpg","datePublished":"2022-02-06T19:07:24+00:00","dateModified":"2022-02-11T22:20:27+00:00","breadcrumb":{"@id":"https:\/\/sombrafestival.com\/jurado-largometrajes-2022-melina-mathews\/#breadcrumb"},"inLanguage":"en-GB","potentialAction":[{"@type":"ReadAction","target":["https:\/\/sombrafestival.com\/jurado-largometrajes-2022-melina-mathews\/"]}]},{"@type":"ImageObject","inLanguage":"en-GB","@id":"https:\/\/sombrafestival.com\/jurado-largometrajes-2022-melina-mathews\/#primaryimage","url":"https:\/\/sombrafestival.com\/wp-content\/uploads\/2022\/02\/Melina-Mathews.jpg","contentUrl":"https:\/\/sombrafestival.com\/wp-content\/uploads\/2022\/02\/Melina-Mathews.jpg"},{"@type":"BreadcrumbList","@id":"https:\/\/sombrafestival.com\/jurado-largometrajes-2022-melina-mathews\/#breadcrumb","itemListElement":[{"@type":"ListItem","position":1,"name":"Portada","item":"https:\/\/sombrafestival.com\/"},{"@type":"ListItem","position":2,"name":"Jurado largometrajes 2022: Melina Mathews"}]},{"@type":"WebSite","@id":"https:\/\/sombrafestival.com\/en\/#website","url":"https:\/\/sombrafestival.com\/en\/","name":"Sombra Festival","description":"XIII Festival de Cine Fant\u00e1stico Europeo de Murcia, 8-17 MARZO 2024","publisher":{"@id":"https:\/\/sombrafestival.com\/en\/#organization"},"potentialAction":[{"@type":"SearchAction","target":{"@type":"EntryPoint","urlTemplate":"https:\/\/sombrafestival.com\/en\/?s={search_term_string}"},"query-input":{"@type":"PropertyValueSpecification","valueRequired":true,"valueName":"search_term_string"}}],"inLanguage":"en-GB"},{"@type":"Organization","@id":"https:\/\/sombrafestival.com\/en\/#organization","name":"SOMBRA, IX FESTIVAL DE CINE FANTASTICO EUROPEO DE MURCIA","url":"https:\/\/sombrafestival.com\/en\/","logo":{"@type":"ImageObject","inLanguage":"en-GB","@id":"https:\/\/sombrafestival.com\/en\/#\/schema\/logo\/image\/","url":"https:\/\/sombrafestival.com\/wp-content\/uploads\/2019\/10\/Sombra-LogoIdentificador-Negativo.jpg","contentUrl":"https:\/\/sombrafestival.com\/wp-content\/uploads\/2019\/10\/Sombra-LogoIdentificador-Negativo.jpg","width":400,"height":400,"caption":"SOMBRA, IX FESTIVAL DE CINE FANTASTICO EUROPEO DE MURCIA"},"image":{"@id":"https:\/\/sombrafestival.com\/en\/#\/schema\/logo\/image\/"},"sameAs":["https:\/\/www.facebook.com\/Sombra-Festival-De-CINE-Fantastico-Europeo-De-Murcia-175337032531429\/","https:\/\/x.com\/SombraFestival","https:\/\/www.instagram.com\/sombrafestival\/","https:\/\/www.youtube.com\/channel\/UCBdSJni9V30Tq4cGf4Lj0Ug?view_as=subscriber"]}]}},"_links":{"self":[{"href":"https:\/\/sombrafestival.com\/en\/wp-json\/wp\/v2\/pages\/4256","targetHints":{"allow":["GET"]}}],"collection":[{"href":"https:\/\/sombrafestival.com\/en\/wp-json\/wp\/v2\/pages"}],"about":[{"href":"https:\/\/sombrafestival.com\/en\/wp-json\/wp\/v2\/types\/page"}],"author":[{"embeddable":true,"href":"https:\/\/sombrafestival.com\/en\/wp-json\/wp\/v2\/users\/2"}],"replies":[{"embeddable":true,"href":"https:\/\/sombrafestival.com\/en\/wp-json\/wp\/v2\/comments?post=4256"}],"version-history":[{"count":4,"href":"https:\/\/sombrafestival.com\/en\/wp-json\/wp\/v2\/pages\/4256\/revisions"}],"predecessor-version":[{"id":4588,"href":"https:\/\/sombrafestival.com\/en\/wp-json\/wp\/v2\/pages\/4256\/revisions\/4588"}],"wp:attachment":[{"href":"https:\/\/sombrafestival.com\/en\/wp-json\/wp\/v2\/media?parent=4256"}],"curies":[{"name":"wp","href":"https:\/\/api.w.org\/{rel}","templated":true}]}}

<p class="has-text-color has-background has-large-font-size has-very-dark-gray-color has-very-light-gray-background-color"><strong>Melina Mathews</strong></p>



<p>Nacida en Barcelona, se licenció en Periodismo por la Universidad de Westminster, Londres. Compaginó su licenciatura con cursos de teatro en la Central School of Speech and Drama. Desde muy joven, la interpretación llamó su atención y se convirtió en su verdadera vocación. Su triple nacionalidad le ha permitido moverse como pez en el agua tanto en producciones internacionales como en España. En cine, la hemos visto en <strong>The Returned</strong>; <strong>Negociador</strong>, <strong>El Jugador de Ajedrez</strong>, <strong>Black Beach</strong> y ha protagonizado la cinta mexicana <strong>Silencio</strong> y la comedia <strong>Donde Caben Dos</strong>. En televisión ha trabajado en exitosas series como <strong>El Príncipe</strong>, <strong>La Otra Mirada</strong>, <strong>La Peste: la mano de la garduña</strong>, <strong>Warrior Nun</strong> y tiene pendiente <strong>Sentimos Las Molestias</strong>.</p>



<div class="wp-block-image"><figure class="aligncenter"><img loading="lazy" decoding="async" width="400" height="445" src="https://sombrafestival.com/wp-content/uploads/2022/02/Melina-Mathews.jpg" alt="Melina Mathews" class="wp-image-4257" srcset="https://sombrafestival.com/wp-content/uploads/2022/02/Melina-Mathews.jpg 400w, https://sombrafestival.com/wp-content/uploads/2022/02/Melina-Mathews-270x300.jpg 270w, https://sombrafestival.com/wp-content/uploads/2022/02/Melina-Mathews-378x420.jpg 378w" sizes="auto, (max-width: 400px) 100vw, 400px" /></figure></div>

<p>Melina Mathews Nacida en Barcelona, se licenció en Periodismo por la Universidad de Westminster, Londres. Compaginó su licenciatura con cursos de teatro en la Central School of Speech and Drama. Desde muy joven, la interpretación llamó su atención y se convirtió en su verdadera vocación. Su triple nacionalidad le ha permitido moverse como pez en [&hellip;]</p>

<!-- This site is optimized with the Yoast SEO plugin v24.3 - https://yoast.com/wordpress/plugins/seo/ -->
<title>Jurado largometrajes 2022: Melina Mathews - Sombra Festival</title>
<meta name="robots" content="index, follow, max-snippet:-1, max-image-preview:large, max-video-preview:-1" />
<link rel="canonical" href="https://sombrafestival.com/en/jurado-largometrajes-2022-melina-mathews/" />
<meta property="og:locale" content="en_GB" />
<meta property="og:type" content="article" />
<meta property="og:title" content="Jurado largometrajes 2022: Melina Mathews - Sombra Festival" />
<meta property="og:description" content="Melina Mathews Nacida en Barcelona, se licenció en Periodismo por la Universidad de Westminster, Londres. Compaginó su licenciatura con cursos de teatro en la Central School of Speech and Drama. Desde muy joven, la interpretación llamó su atención y se convirtió en su verdadera vocación. Su triple nacionalidad le ha permitido moverse como pez en [&hellip;]" />
<meta property="og:url" content="https://sombrafestival.com/en/jurado-largometrajes-2022-melina-mathews/" />
<meta property="og:site_name" content="Sombra Festival" />
<meta property="article:publisher" content="https://www.facebook.com/Sombra-Festival-De-CINE-Fantastico-Europeo-De-Murcia-175337032531429/" />
<meta property="article:modified_time" content="2022-02-11T22:20:27+00:00" />
<meta property="og:image" content="https://sombrafestival.com/wp-content/uploads/2022/02/Melina-Mathews.jpg" />
<meta name="twitter:card" content="summary_large_image" />
<meta name="twitter:site" content="@SombraFestival" />
<meta name="twitter:label1" content="Est. reading time" />
	<meta name="twitter:data1" content="1 minute" />
<script type="application/ld+json" class="yoast-schema-graph">{"@context":"https://schema.org","@graph":[{"@type":"WebPage","@id":"https://sombrafestival.com/jurado-largometrajes-2022-melina-mathews/","url":"https://sombrafestival.com/jurado-largometrajes-2022-melina-mathews/","name":"Jurado largometrajes 2022: Melina Mathews - Sombra Festival","isPartOf":{"@id":"https://sombrafestival.com/en/#website"},"primaryImageOfPage":{"@id":"https://sombrafestival.com/jurado-largometrajes-2022-melina-mathews/#primaryimage"},"image":{"@id":"https://sombrafestival.com/jurado-largometrajes-2022-melina-mathews/#primaryimage"},"thumbnailUrl":"https://sombrafestival.com/wp-content/uploads/2022/02/Melina-Mathews.jpg","datePublished":"2022-02-06T19:07:24+00:00","dateModified":"2022-02-11T22:20:27+00:00","breadcrumb":{"@id":"https://sombrafestival.com/jurado-largometrajes-2022-melina-mathews/#breadcrumb"},"inLanguage":"en-GB","potentialAction":[{"@type":"ReadAction","target":["https://sombrafestival.com/jurado-largometrajes-2022-melina-mathews/"]}]},{"@type":"ImageObject","inLanguage":"en-GB","@id":"https://sombrafestival.com/jurado-largometrajes-2022-melina-mathews/#primaryimage","url":"https://sombrafestival.com/wp-content/uploads/2022/02/Melina-Mathews.jpg","contentUrl":"https://sombrafestival.com/wp-content/uploads/2022/02/Melina-Mathews.jpg"},{"@type":"BreadcrumbList","@id":"https://sombrafestival.com/jurado-largometrajes-2022-melina-mathews/#breadcrumb","itemListElement":[{"@type":"ListItem","position":1,"name":"Portada","item":"https://sombrafestival.com/"},{"@type":"ListItem","position":2,"name":"Jurado largometrajes 2022: Melina Mathews"}]},{"@type":"WebSite","@id":"https://sombrafestival.com/en/#website","url":"https://sombrafestival.com/en/","name":"Sombra Festival","description":"XIII Festival de Cine Fantástico Europeo de Murcia, 8-17 MARZO 2024","publisher":{"@id":"https://sombrafestival.com/en/#organization"},"potentialAction":[{"@type":"SearchAction","target":{"@type":"EntryPoint","urlTemplate":"https://sombrafestival.com/en/?s={search_term_string}"},"query-input":{"@type":"PropertyValueSpecification","valueRequired":true,"valueName":"search_term_string"}}],"inLanguage":"en-GB"},{"@type":"Organization","@id":"https://sombrafestival.com/en/#organization","name":"SOMBRA, IX FESTIVAL DE CINE FANTASTICO EUROPEO DE MURCIA","url":"https://sombrafestival.com/en/","logo":{"@type":"ImageObject","inLanguage":"en-GB","@id":"https://sombrafestival.com/en/#/schema/logo/image/","url":"https://sombrafestival.com/wp-content/uploads/2019/10/Sombra-LogoIdentificador-Negativo.jpg","contentUrl":"https://sombrafestival.com/wp-content/uploads/2019/10/Sombra-LogoIdentificador-Negativo.jpg","width":400,"height":400,"caption":"SOMBRA, IX FESTIVAL DE CINE FANTASTICO EUROPEO DE MURCIA"},"image":{"@id":"https://sombrafestival.com/en/#/schema/logo/image/"},"sameAs":["https://www.facebook.com/Sombra-Festival-De-CINE-Fantastico-Europeo-De-Murcia-175337032531429/","https://x.com/SombraFestival","https://www.instagram.com/sombrafestival/","https://www.youtube.com/channel/UCBdSJni9V30Tq4cGf4Lj0Ug?view_as=subscriber"]}]}</script>
<!-- / Yoast SEO plugin. -->

Melina Mathews Nacida en Barcelona, se licenció en Periodismo por la Universidad de Westminster, Londres. Compaginó su licenciatura con cursos de teatro en la Central School of Speech and Drama. Desde muy joven, la interpretación llamó su atención y se convirtió en su verdadera vocación. Su triple nacionalidad le ha permitido moverse como pez en [&hellip;]

XIII Festival de Cine Fantástico Europeo de Murcia, 8-17 MARZO 2024
