{"id":488,"date":"2019-09-11T17:57:28","date_gmt":"2019-09-11T15:57:28","guid":{"rendered":"https:\/\/pruebas.libretacontachon.es\/?page_id=488"},"modified":"2020-09-10T17:13:38","modified_gmt":"2020-09-10T15:13:38","slug":"voluntarios","status":"publish","type":"page","link":"https:\/\/sombrafestival.com\/en\/c-fem-2020\/voluntarios\/","title":{"rendered":"Voluntarios Sombra 2020"},"content":{"rendered":"<h2>Inscripci\u00f3n Voluntarios Sombra 2020<\/h2>\r\n<div>Desde la organizaci\u00f3n de <strong>Sombra, Festival de Cine Fant\u00e1stico Europeo de Murcia <\/strong>lamentamos comunicarles que debido a la situaci\u00f3n actual provocada por el Covid 19 nos es imposible contar con la participaci\u00f3n de voluntarios en esta novena edici\u00f3n del Festival.<\/div>\r\n<div>\u00a0<\/div>\r\n<div>Agradecemos profundamente vuestro inter\u00e9s en el Festival y esperamos que en pr\u00f3ximas ediciones podamos contar con vosotros.<\/div>\r\n\r\n\r\n\r\n<p>&nbsp;<\/p>\r\n<p><img loading=\"lazy\" decoding=\"async\" class=\"size-full wp-image-1252 aligncenter\" src=\"https:\/\/sombrafestival.com\/wp-content\/uploads\/2020\/01\/voluntarios.jpg\" alt=\"voluntarios\" width=\"960\" height=\"512\" srcset=\"https:\/\/sombrafestival.com\/wp-content\/uploads\/2020\/01\/voluntarios.jpg 960w, https:\/\/sombrafestival.com\/wp-content\/uploads\/2020\/01\/voluntarios-300x160.jpg 300w, https:\/\/sombrafestival.com\/wp-content\/uploads\/2020\/01\/voluntarios-768x410.jpg 768w, https:\/\/sombrafestival.com\/wp-content\/uploads\/2020\/01\/voluntarios-696x371.jpg 696w, https:\/\/sombrafestival.com\/wp-content\/uploads\/2020\/01\/voluntarios-788x420.jpg 788w\" sizes=\"auto, (max-width: 960px) 100vw, 960px\" \/><\/p>\r\n<figure class=\"wp-block-image\"><\/figure>","protected":false},"excerpt":{"rendered":"<p>Inscripci\u00f3n Voluntarios Sombra 2020 Desde la organizaci\u00f3n de Sombra, Festival de Cine Fant\u00e1stico Europeo de Murcia lamentamos comunicarles que debido a la situaci\u00f3n actual provocada por el Covid 19 nos es imposible contar con la participaci\u00f3n de voluntarios en esta novena edici\u00f3n del Festival. \u00a0 Agradecemos profundamente vuestro inter\u00e9s en el Festival y esperamos que [&hellip;]<\/p>","protected":false},"author":1,"featured_media":1252,"parent":390,"menu_order":0,"comment_status":"closed","ping_status":"closed","template":"","meta":{"footnotes":""},"class_list":["post-488","page","type-page","status-publish","has-post-thumbnail"],"yoast_head":"<!-- This site is optimized with the Yoast SEO plugin v24.3 - https:\/\/yoast.com\/wordpress\/plugins\/seo\/ -->\n<title>Voluntarios Sombra 2020 - Sombra Festival<\/title>\n<meta name=\"description\" content=\"Inscripci\u00f3n Voluntarios Sombra 2020.Un a\u00f1o m\u00e1s, abrimos las puertas de nuestro cementerio para dejar entrar a aquellos incautos dispuestos...\" \/>\n<meta name=\"robots\" content=\"index, follow, max-snippet:-1, max-image-preview:large, max-video-preview:-1\" \/>\n<link rel=\"canonical\" href=\"https:\/\/sombrafestival.com\/en\/c-fem-2020\/voluntarios\/\" \/>\n<meta property=\"og:locale\" content=\"en_GB\" \/>\n<meta property=\"og:type\" content=\"article\" \/>\n<meta property=\"og:title\" content=\"Voluntarios Sombra 2020 - Sombra Festival\" \/>\n<meta property=\"og:description\" content=\"Inscripci\u00f3n Voluntarios Sombra 2020.Un a\u00f1o m\u00e1s, abrimos las puertas de nuestro cementerio para dejar entrar a aquellos incautos dispuestos...\" \/>\n<meta property=\"og:url\" content=\"https:\/\/sombrafestival.com\/en\/c-fem-2020\/voluntarios\/\" \/>\n<meta property=\"og:site_name\" content=\"Sombra Festival\" \/>\n<meta property=\"article:publisher\" content=\"https:\/\/www.facebook.com\/Sombra-Festival-De-CINE-Fantastico-Europeo-De-Murcia-175337032531429\/\" \/>\n<meta property=\"article:modified_time\" content=\"2020-09-10T15:13:38+00:00\" \/>\n<meta property=\"og:image\" content=\"https:\/\/sombrafestival.com\/wp-content\/uploads\/2020\/01\/voluntarios.jpg\" \/>\n\t<meta property=\"og:image:width\" content=\"960\" \/>\n\t<meta property=\"og:image:height\" content=\"512\" \/>\n\t<meta property=\"og:image:type\" content=\"image\/jpeg\" \/>\n<meta name=\"twitter:card\" content=\"summary_large_image\" \/>\n<meta name=\"twitter:site\" content=\"@SombraFestival\" \/>\n<script type=\"application\/ld+json\" class=\"yoast-schema-graph\">{\"@context\":\"https:\/\/schema.org\",\"@graph\":[{\"@type\":\"WebPage\",\"@id\":\"https:\/\/sombrafestival.com\/c-fem-2020\/voluntarios\/\",\"url\":\"https:\/\/sombrafestival.com\/c-fem-2020\/voluntarios\/\",\"name\":\"Voluntarios Sombra 2020 - Sombra Festival\",\"isPartOf\":{\"@id\":\"https:\/\/sombrafestival.com\/en\/#website\"},\"primaryImageOfPage\":{\"@id\":\"https:\/\/sombrafestival.com\/c-fem-2020\/voluntarios\/#primaryimage\"},\"image\":{\"@id\":\"https:\/\/sombrafestival.com\/c-fem-2020\/voluntarios\/#primaryimage\"},\"thumbnailUrl\":\"https:\/\/sombrafestival.com\/wp-content\/uploads\/2020\/01\/voluntarios.jpg\",\"datePublished\":\"2019-09-11T15:57:28+00:00\",\"dateModified\":\"2020-09-10T15:13:38+00:00\",\"description\":\"Inscripci\u00f3n Voluntarios Sombra 2020.Un a\u00f1o m\u00e1s, abrimos las puertas de nuestro cementerio para dejar entrar a aquellos incautos dispuestos...\",\"breadcrumb\":{\"@id\":\"https:\/\/sombrafestival.com\/c-fem-2020\/voluntarios\/#breadcrumb\"},\"inLanguage\":\"en-GB\",\"potentialAction\":[{\"@type\":\"ReadAction\",\"target\":[\"https:\/\/sombrafestival.com\/c-fem-2020\/voluntarios\/\"]}]},{\"@type\":\"ImageObject\",\"inLanguage\":\"en-GB\",\"@id\":\"https:\/\/sombrafestival.com\/c-fem-2020\/voluntarios\/#primaryimage\",\"url\":\"https:\/\/sombrafestival.com\/wp-content\/uploads\/2020\/01\/voluntarios.jpg\",\"contentUrl\":\"https:\/\/sombrafestival.com\/wp-content\/uploads\/2020\/01\/voluntarios.jpg\",\"width\":960,\"height\":512,\"caption\":\"voluntarios\"},{\"@type\":\"BreadcrumbList\",\"@id\":\"https:\/\/sombrafestival.com\/c-fem-2020\/voluntarios\/#breadcrumb\",\"itemListElement\":[{\"@type\":\"ListItem\",\"position\":1,\"name\":\"Portada\",\"item\":\"https:\/\/sombrafestival.com\/\"},{\"@type\":\"ListItem\",\"position\":2,\"name\":\"2020\",\"item\":\"https:\/\/sombrafestival.com\/c-fem-2020\/\"},{\"@type\":\"ListItem\",\"position\":3,\"name\":\"Voluntarios Sombra 2020\"}]},{\"@type\":\"WebSite\",\"@id\":\"https:\/\/sombrafestival.com\/en\/#website\",\"url\":\"https:\/\/sombrafestival.com\/en\/\",\"name\":\"Sombra Festival\",\"description\":\"XIII Festival de Cine Fant\u00e1stico Europeo de Murcia, 8-17 MARZO 2024\",\"publisher\":{\"@id\":\"https:\/\/sombrafestival.com\/en\/#organization\"},\"potentialAction\":[{\"@type\":\"SearchAction\",\"target\":{\"@type\":\"EntryPoint\",\"urlTemplate\":\"https:\/\/sombrafestival.com\/en\/?s={search_term_string}\"},\"query-input\":{\"@type\":\"PropertyValueSpecification\",\"valueRequired\":true,\"valueName\":\"search_term_string\"}}],\"inLanguage\":\"en-GB\"},{\"@type\":\"Organization\",\"@id\":\"https:\/\/sombrafestival.com\/en\/#organization\",\"name\":\"SOMBRA, IX FESTIVAL DE CINE FANTASTICO EUROPEO DE MURCIA\",\"url\":\"https:\/\/sombrafestival.com\/en\/\",\"logo\":{\"@type\":\"ImageObject\",\"inLanguage\":\"en-GB\",\"@id\":\"https:\/\/sombrafestival.com\/en\/#\/schema\/logo\/image\/\",\"url\":\"https:\/\/sombrafestival.com\/wp-content\/uploads\/2019\/10\/Sombra-LogoIdentificador-Negativo.jpg\",\"contentUrl\":\"https:\/\/sombrafestival.com\/wp-content\/uploads\/2019\/10\/Sombra-LogoIdentificador-Negativo.jpg\",\"width\":400,\"height\":400,\"caption\":\"SOMBRA, IX FESTIVAL DE CINE FANTASTICO EUROPEO DE MURCIA\"},\"image\":{\"@id\":\"https:\/\/sombrafestival.com\/en\/#\/schema\/logo\/image\/\"},\"sameAs\":[\"https:\/\/www.facebook.com\/Sombra-Festival-De-CINE-Fantastico-Europeo-De-Murcia-175337032531429\/\",\"https:\/\/x.com\/SombraFestival\",\"https:\/\/www.instagram.com\/sombrafestival\/\",\"https:\/\/www.youtube.com\/channel\/UCBdSJni9V30Tq4cGf4Lj0Ug?view_as=subscriber\"]}]}<\/script>\n<!-- \/ Yoast SEO plugin. -->","yoast_head_json":{"title":"Voluntarios Sombra 2020 - Sombra Festival","description":"Inscripci\u00f3n Voluntarios Sombra 2020.Un a\u00f1o m\u00e1s, abrimos las puertas de nuestro cementerio para dejar entrar a aquellos incautos dispuestos...","robots":{"index":"index","follow":"follow","max-snippet":"max-snippet:-1","max-image-preview":"max-image-preview:large","max-video-preview":"max-video-preview:-1"},"canonical":"https:\/\/sombrafestival.com\/en\/c-fem-2020\/voluntarios\/","og_locale":"en_GB","og_type":"article","og_title":"Voluntarios Sombra 2020 - Sombra Festival","og_description":"Inscripci\u00f3n Voluntarios Sombra 2020.Un a\u00f1o m\u00e1s, abrimos las puertas de nuestro cementerio para dejar entrar a aquellos incautos dispuestos...","og_url":"https:\/\/sombrafestival.com\/en\/c-fem-2020\/voluntarios\/","og_site_name":"Sombra Festival","article_publisher":"https:\/\/www.facebook.com\/Sombra-Festival-De-CINE-Fantastico-Europeo-De-Murcia-175337032531429\/","article_modified_time":"2020-09-10T15:13:38+00:00","og_image":[{"width":960,"height":512,"url":"https:\/\/sombrafestival.com\/wp-content\/uploads\/2020\/01\/voluntarios.jpg","type":"image\/jpeg"}],"twitter_card":"summary_large_image","twitter_site":"@SombraFestival","schema":{"@context":"https:\/\/schema.org","@graph":[{"@type":"WebPage","@id":"https:\/\/sombrafestival.com\/c-fem-2020\/voluntarios\/","url":"https:\/\/sombrafestival.com\/c-fem-2020\/voluntarios\/","name":"Voluntarios Sombra 2020 - Sombra Festival","isPartOf":{"@id":"https:\/\/sombrafestival.com\/en\/#website"},"primaryImageOfPage":{"@id":"https:\/\/sombrafestival.com\/c-fem-2020\/voluntarios\/#primaryimage"},"image":{"@id":"https:\/\/sombrafestival.com\/c-fem-2020\/voluntarios\/#primaryimage"},"thumbnailUrl":"https:\/\/sombrafestival.com\/wp-content\/uploads\/2020\/01\/voluntarios.jpg","datePublished":"2019-09-11T15:57:28+00:00","dateModified":"2020-09-10T15:13:38+00:00","description":"Inscripci\u00f3n Voluntarios Sombra 2020.Un a\u00f1o m\u00e1s, abrimos las puertas de nuestro cementerio para dejar entrar a aquellos incautos dispuestos...","breadcrumb":{"@id":"https:\/\/sombrafestival.com\/c-fem-2020\/voluntarios\/#breadcrumb"},"inLanguage":"en-GB","potentialAction":[{"@type":"ReadAction","target":["https:\/\/sombrafestival.com\/c-fem-2020\/voluntarios\/"]}]},{"@type":"ImageObject","inLanguage":"en-GB","@id":"https:\/\/sombrafestival.com\/c-fem-2020\/voluntarios\/#primaryimage","url":"https:\/\/sombrafestival.com\/wp-content\/uploads\/2020\/01\/voluntarios.jpg","contentUrl":"https:\/\/sombrafestival.com\/wp-content\/uploads\/2020\/01\/voluntarios.jpg","width":960,"height":512,"caption":"voluntarios"},{"@type":"BreadcrumbList","@id":"https:\/\/sombrafestival.com\/c-fem-2020\/voluntarios\/#breadcrumb","itemListElement":[{"@type":"ListItem","position":1,"name":"Portada","item":"https:\/\/sombrafestival.com\/"},{"@type":"ListItem","position":2,"name":"2020","item":"https:\/\/sombrafestival.com\/c-fem-2020\/"},{"@type":"ListItem","position":3,"name":"Voluntarios Sombra 2020"}]},{"@type":"WebSite","@id":"https:\/\/sombrafestival.com\/en\/#website","url":"https:\/\/sombrafestival.com\/en\/","name":"Sombra Festival","description":"XIII Festival de Cine Fant\u00e1stico Europeo de Murcia, 8-17 MARZO 2024","publisher":{"@id":"https:\/\/sombrafestival.com\/en\/#organization"},"potentialAction":[{"@type":"SearchAction","target":{"@type":"EntryPoint","urlTemplate":"https:\/\/sombrafestival.com\/en\/?s={search_term_string}"},"query-input":{"@type":"PropertyValueSpecification","valueRequired":true,"valueName":"search_term_string"}}],"inLanguage":"en-GB"},{"@type":"Organization","@id":"https:\/\/sombrafestival.com\/en\/#organization","name":"SOMBRA, IX FESTIVAL DE CINE FANTASTICO EUROPEO DE MURCIA","url":"https:\/\/sombrafestival.com\/en\/","logo":{"@type":"ImageObject","inLanguage":"en-GB","@id":"https:\/\/sombrafestival.com\/en\/#\/schema\/logo\/image\/","url":"https:\/\/sombrafestival.com\/wp-content\/uploads\/2019\/10\/Sombra-LogoIdentificador-Negativo.jpg","contentUrl":"https:\/\/sombrafestival.com\/wp-content\/uploads\/2019\/10\/Sombra-LogoIdentificador-Negativo.jpg","width":400,"height":400,"caption":"SOMBRA, IX FESTIVAL DE CINE FANTASTICO EUROPEO DE MURCIA"},"image":{"@id":"https:\/\/sombrafestival.com\/en\/#\/schema\/logo\/image\/"},"sameAs":["https:\/\/www.facebook.com\/Sombra-Festival-De-CINE-Fantastico-Europeo-De-Murcia-175337032531429\/","https:\/\/x.com\/SombraFestival","https:\/\/www.instagram.com\/sombrafestival\/","https:\/\/www.youtube.com\/channel\/UCBdSJni9V30Tq4cGf4Lj0Ug?view_as=subscriber"]}]}},"_links":{"self":[{"href":"https:\/\/sombrafestival.com\/en\/wp-json\/wp\/v2\/pages\/488","targetHints":{"allow":["GET"]}}],"collection":[{"href":"https:\/\/sombrafestival.com\/en\/wp-json\/wp\/v2\/pages"}],"about":[{"href":"https:\/\/sombrafestival.com\/en\/wp-json\/wp\/v2\/types\/page"}],"author":[{"embeddable":true,"href":"https:\/\/sombrafestival.com\/en\/wp-json\/wp\/v2\/users\/1"}],"replies":[{"embeddable":true,"href":"https:\/\/sombrafestival.com\/en\/wp-json\/wp\/v2\/comments?post=488"}],"version-history":[{"count":10,"href":"https:\/\/sombrafestival.com\/en\/wp-json\/wp\/v2\/pages\/488\/revisions"}],"predecessor-version":[{"id":1389,"href":"https:\/\/sombrafestival.com\/en\/wp-json\/wp\/v2\/pages\/488\/revisions\/1389"}],"up":[{"embeddable":true,"href":"https:\/\/sombrafestival.com\/en\/wp-json\/wp\/v2\/pages\/390"}],"wp:featuredmedia":[{"embeddable":true,"href":"https:\/\/sombrafestival.com\/en\/wp-json\/wp\/v2\/media\/1252"}],"wp:attachment":[{"href":"https:\/\/sombrafestival.com\/en\/wp-json\/wp\/v2\/media?parent=488"}],"curies":[{"name":"wp","href":"https:\/\/api.w.org\/{rel}","templated":true}]}}

<h2>Inscripción Voluntarios Sombra 2020</h2>
<div>Desde la organización de <strong>Sombra, Festival de Cine Fantástico Europeo de Murcia </strong>lamentamos comunicarles que debido a la situación actual provocada por el Covid 19 nos es imposible contar con la participación de voluntarios en esta novena edición del Festival.</div>
<div> </div>
<div>Agradecemos profundamente vuestro interés en el Festival y esperamos que en próximas ediciones podamos contar con vosotros.</div>



<p>&nbsp;</p>
<p><img loading="lazy" decoding="async" class="size-full wp-image-1252 aligncenter" src="https://sombrafestival.com/wp-content/uploads/2020/01/voluntarios.jpg" alt="voluntarios" width="960" height="512" srcset="https://sombrafestival.com/wp-content/uploads/2020/01/voluntarios.jpg 960w, https://sombrafestival.com/wp-content/uploads/2020/01/voluntarios-300x160.jpg 300w, https://sombrafestival.com/wp-content/uploads/2020/01/voluntarios-768x410.jpg 768w, https://sombrafestival.com/wp-content/uploads/2020/01/voluntarios-696x371.jpg 696w, https://sombrafestival.com/wp-content/uploads/2020/01/voluntarios-788x420.jpg 788w" sizes="auto, (max-width: 960px) 100vw, 960px" /></p>
<figure class="wp-block-image"></figure>

<p>Inscripción Voluntarios Sombra 2020 Desde la organización de Sombra, Festival de Cine Fantástico Europeo de Murcia lamentamos comunicarles que debido a la situación actual provocada por el Covid 19 nos es imposible contar con la participación de voluntarios en esta novena edición del Festival.   Agradecemos profundamente vuestro interés en el Festival y esperamos que [&hellip;]</p>

<!-- This site is optimized with the Yoast SEO plugin v24.3 - https://yoast.com/wordpress/plugins/seo/ -->
<title>Voluntarios Sombra 2020 - Sombra Festival</title>
<meta name="description" content="Inscripción Voluntarios Sombra 2020.Un año más, abrimos las puertas de nuestro cementerio para dejar entrar a aquellos incautos dispuestos..." />
<meta name="robots" content="index, follow, max-snippet:-1, max-image-preview:large, max-video-preview:-1" />
<link rel="canonical" href="https://sombrafestival.com/en/c-fem-2020/voluntarios/" />
<meta property="og:locale" content="en_GB" />
<meta property="og:type" content="article" />
<meta property="og:title" content="Voluntarios Sombra 2020 - Sombra Festival" />
<meta property="og:description" content="Inscripción Voluntarios Sombra 2020.Un año más, abrimos las puertas de nuestro cementerio para dejar entrar a aquellos incautos dispuestos..." />
<meta property="og:url" content="https://sombrafestival.com/en/c-fem-2020/voluntarios/" />
<meta property="og:site_name" content="Sombra Festival" />
<meta property="article:publisher" content="https://www.facebook.com/Sombra-Festival-De-CINE-Fantastico-Europeo-De-Murcia-175337032531429/" />
<meta property="article:modified_time" content="2020-09-10T15:13:38+00:00" />
<meta property="og:image" content="https://sombrafestival.com/wp-content/uploads/2020/01/voluntarios.jpg" />
	<meta property="og:image:width" content="960" />
	<meta property="og:image:height" content="512" />
	<meta property="og:image:type" content="image/jpeg" />
<meta name="twitter:card" content="summary_large_image" />
<meta name="twitter:site" content="@SombraFestival" />
<script type="application/ld+json" class="yoast-schema-graph">{"@context":"https://schema.org","@graph":[{"@type":"WebPage","@id":"https://sombrafestival.com/c-fem-2020/voluntarios/","url":"https://sombrafestival.com/c-fem-2020/voluntarios/","name":"Voluntarios Sombra 2020 - Sombra Festival","isPartOf":{"@id":"https://sombrafestival.com/en/#website"},"primaryImageOfPage":{"@id":"https://sombrafestival.com/c-fem-2020/voluntarios/#primaryimage"},"image":{"@id":"https://sombrafestival.com/c-fem-2020/voluntarios/#primaryimage"},"thumbnailUrl":"https://sombrafestival.com/wp-content/uploads/2020/01/voluntarios.jpg","datePublished":"2019-09-11T15:57:28+00:00","dateModified":"2020-09-10T15:13:38+00:00","description":"Inscripción Voluntarios Sombra 2020.Un año más, abrimos las puertas de nuestro cementerio para dejar entrar a aquellos incautos dispuestos...","breadcrumb":{"@id":"https://sombrafestival.com/c-fem-2020/voluntarios/#breadcrumb"},"inLanguage":"en-GB","potentialAction":[{"@type":"ReadAction","target":["https://sombrafestival.com/c-fem-2020/voluntarios/"]}]},{"@type":"ImageObject","inLanguage":"en-GB","@id":"https://sombrafestival.com/c-fem-2020/voluntarios/#primaryimage","url":"https://sombrafestival.com/wp-content/uploads/2020/01/voluntarios.jpg","contentUrl":"https://sombrafestival.com/wp-content/uploads/2020/01/voluntarios.jpg","width":960,"height":512,"caption":"voluntarios"},{"@type":"BreadcrumbList","@id":"https://sombrafestival.com/c-fem-2020/voluntarios/#breadcrumb","itemListElement":[{"@type":"ListItem","position":1,"name":"Portada","item":"https://sombrafestival.com/"},{"@type":"ListItem","position":2,"name":"2020","item":"https://sombrafestival.com/c-fem-2020/"},{"@type":"ListItem","position":3,"name":"Voluntarios Sombra 2020"}]},{"@type":"WebSite","@id":"https://sombrafestival.com/en/#website","url":"https://sombrafestival.com/en/","name":"Sombra Festival","description":"XIII Festival de Cine Fantástico Europeo de Murcia, 8-17 MARZO 2024","publisher":{"@id":"https://sombrafestival.com/en/#organization"},"potentialAction":[{"@type":"SearchAction","target":{"@type":"EntryPoint","urlTemplate":"https://sombrafestival.com/en/?s={search_term_string}"},"query-input":{"@type":"PropertyValueSpecification","valueRequired":true,"valueName":"search_term_string"}}],"inLanguage":"en-GB"},{"@type":"Organization","@id":"https://sombrafestival.com/en/#organization","name":"SOMBRA, IX FESTIVAL DE CINE FANTASTICO EUROPEO DE MURCIA","url":"https://sombrafestival.com/en/","logo":{"@type":"ImageObject","inLanguage":"en-GB","@id":"https://sombrafestival.com/en/#/schema/logo/image/","url":"https://sombrafestival.com/wp-content/uploads/2019/10/Sombra-LogoIdentificador-Negativo.jpg","contentUrl":"https://sombrafestival.com/wp-content/uploads/2019/10/Sombra-LogoIdentificador-Negativo.jpg","width":400,"height":400,"caption":"SOMBRA, IX FESTIVAL DE CINE FANTASTICO EUROPEO DE MURCIA"},"image":{"@id":"https://sombrafestival.com/en/#/schema/logo/image/"},"sameAs":["https://www.facebook.com/Sombra-Festival-De-CINE-Fantastico-Europeo-De-Murcia-175337032531429/","https://x.com/SombraFestival","https://www.instagram.com/sombrafestival/","https://www.youtube.com/channel/UCBdSJni9V30Tq4cGf4Lj0Ug?view_as=subscriber"]}]}</script>
<!-- / Yoast SEO plugin. -->

Inscripción Voluntarios Sombra 2020.Un año más, abrimos las puertas de nuestro cementerio para dejar entrar a aquellos incautos dispuestos...

XIII Festival de Cine Fantástico Europeo de Murcia, 8-17 MARZO 2024
