{"id":5856,"date":"2023-03-06T21:54:35","date_gmt":"2023-03-06T20:54:35","guid":{"rendered":"https:\/\/sombrafestival.com\/?page_id=5856"},"modified":"2023-03-06T21:54:35","modified_gmt":"2023-03-06T20:54:35","slug":"invitados-2023-florence-saad","status":"publish","type":"page","link":"https:\/\/sombrafestival.com\/en\/invitados-2023-florence-saad\/","title":{"rendered":"Invitados 2023: Florence Sa\u00e2d"},"content":{"rendered":"<h2>Florence Sa\u00e2d<\/h2>\n<p>Florence Sa\u00e2di lleg\u00f3 a la producci\u00f3n cinematogr\u00e1fica por la puerta del arte y la comunicaci\u00f3n.<br \/>\nProfundamente apegada a la defensa de la libertad y de todas las formas de arte y expresi\u00f3n, decidi\u00f3 con su colega Karim Ouelhaj que el cine de g\u00e9nero ser\u00eda su plataforma para el discurso pol\u00edtico y social.<\/p>\n<p><img loading=\"lazy\" decoding=\"async\" class=\"size-full wp-image-5857 aligncenter\" src=\"https:\/\/sombrafestival.com\/wp-content\/uploads\/2023\/03\/Florence-Sa\u00e2di.jpg\" alt=\"\" width=\"370\" height=\"370\" srcset=\"https:\/\/sombrafestival.com\/wp-content\/uploads\/2023\/03\/Florence-Sa\u00e2di.jpg 370w, https:\/\/sombrafestival.com\/wp-content\/uploads\/2023\/03\/Florence-Sa\u00e2di-300x300.jpg 300w, https:\/\/sombrafestival.com\/wp-content\/uploads\/2023\/03\/Florence-Sa\u00e2di-150x150.jpg 150w, https:\/\/sombrafestival.com\/wp-content\/uploads\/2023\/03\/Florence-Sa\u00e2di-12x12.jpg 12w\" sizes=\"auto, (max-width: 370px) 100vw, 370px\" \/><\/p>","protected":false},"excerpt":{"rendered":"<p>Florence Sa\u00e2d Florence Sa\u00e2di lleg\u00f3 a la producci\u00f3n cinematogr\u00e1fica por la puerta del arte y la comunicaci\u00f3n. Profundamente apegada a la defensa de la libertad y de todas las formas de arte y expresi\u00f3n, decidi\u00f3 con su colega Karim Ouelhaj que el cine de g\u00e9nero ser\u00eda su plataforma para el discurso pol\u00edtico y social.<\/p>","protected":false},"author":2,"featured_media":5857,"parent":0,"menu_order":0,"comment_status":"closed","ping_status":"closed","template":"","meta":{"footnotes":""},"class_list":["post-5856","page","type-page","status-publish","has-post-thumbnail"],"yoast_head":"<!-- This site is optimized with the Yoast SEO plugin v24.3 - https:\/\/yoast.com\/wordpress\/plugins\/seo\/ -->\n<title>Invitados 2023: Florence Sa\u00e2d - Sombra Festival<\/title>\n<meta name=\"robots\" content=\"index, follow, max-snippet:-1, max-image-preview:large, max-video-preview:-1\" \/>\n<link rel=\"canonical\" href=\"https:\/\/sombrafestival.com\/en\/invitados-2023-florence-saad\/\" \/>\n<meta property=\"og:locale\" content=\"en_GB\" \/>\n<meta property=\"og:type\" content=\"article\" \/>\n<meta property=\"og:title\" content=\"Invitados 2023: Florence Sa\u00e2d - Sombra Festival\" \/>\n<meta property=\"og:description\" content=\"Florence Sa\u00e2d Florence Sa\u00e2di lleg\u00f3 a la producci\u00f3n cinematogr\u00e1fica por la puerta del arte y la comunicaci\u00f3n. Profundamente apegada a la defensa de la libertad y de todas las formas de arte y expresi\u00f3n, decidi\u00f3 con su colega Karim Ouelhaj que el cine de g\u00e9nero ser\u00eda su plataforma para el discurso pol\u00edtico y social.\" \/>\n<meta property=\"og:url\" content=\"https:\/\/sombrafestival.com\/en\/invitados-2023-florence-saad\/\" \/>\n<meta property=\"og:site_name\" content=\"Sombra Festival\" \/>\n<meta property=\"article:publisher\" content=\"https:\/\/www.facebook.com\/Sombra-Festival-De-CINE-Fantastico-Europeo-De-Murcia-175337032531429\/\" \/>\n<meta property=\"og:image\" content=\"https:\/\/sombrafestival.com\/wp-content\/uploads\/2023\/03\/Florence-Sa\u00e2di.jpg\" \/>\n\t<meta property=\"og:image:width\" content=\"370\" \/>\n\t<meta property=\"og:image:height\" content=\"370\" \/>\n\t<meta property=\"og:image:type\" content=\"image\/jpeg\" \/>\n<meta name=\"twitter:card\" content=\"summary_large_image\" \/>\n<meta name=\"twitter:site\" content=\"@SombraFestival\" \/>\n<script type=\"application\/ld+json\" class=\"yoast-schema-graph\">{\"@context\":\"https:\/\/schema.org\",\"@graph\":[{\"@type\":\"WebPage\",\"@id\":\"https:\/\/sombrafestival.com\/invitados-2023-florence-saad\/\",\"url\":\"https:\/\/sombrafestival.com\/invitados-2023-florence-saad\/\",\"name\":\"Invitados 2023: Florence Sa\u00e2d - Sombra Festival\",\"isPartOf\":{\"@id\":\"https:\/\/sombrafestival.com\/en\/#website\"},\"primaryImageOfPage\":{\"@id\":\"https:\/\/sombrafestival.com\/invitados-2023-florence-saad\/#primaryimage\"},\"image\":{\"@id\":\"https:\/\/sombrafestival.com\/invitados-2023-florence-saad\/#primaryimage\"},\"thumbnailUrl\":\"https:\/\/sombrafestival.com\/wp-content\/uploads\/2023\/03\/Florence-Sa\u00e2di.jpg\",\"datePublished\":\"2023-03-06T20:54:35+00:00\",\"dateModified\":\"2023-03-06T20:54:35+00:00\",\"breadcrumb\":{\"@id\":\"https:\/\/sombrafestival.com\/invitados-2023-florence-saad\/#breadcrumb\"},\"inLanguage\":\"en-GB\",\"potentialAction\":[{\"@type\":\"ReadAction\",\"target\":[\"https:\/\/sombrafestival.com\/invitados-2023-florence-saad\/\"]}]},{\"@type\":\"ImageObject\",\"inLanguage\":\"en-GB\",\"@id\":\"https:\/\/sombrafestival.com\/invitados-2023-florence-saad\/#primaryimage\",\"url\":\"https:\/\/sombrafestival.com\/wp-content\/uploads\/2023\/03\/Florence-Sa\u00e2di.jpg\",\"contentUrl\":\"https:\/\/sombrafestival.com\/wp-content\/uploads\/2023\/03\/Florence-Sa\u00e2di.jpg\",\"width\":370,\"height\":370},{\"@type\":\"BreadcrumbList\",\"@id\":\"https:\/\/sombrafestival.com\/invitados-2023-florence-saad\/#breadcrumb\",\"itemListElement\":[{\"@type\":\"ListItem\",\"position\":1,\"name\":\"Portada\",\"item\":\"https:\/\/sombrafestival.com\/\"},{\"@type\":\"ListItem\",\"position\":2,\"name\":\"Invitados 2023: Florence Sa\u00e2d\"}]},{\"@type\":\"WebSite\",\"@id\":\"https:\/\/sombrafestival.com\/en\/#website\",\"url\":\"https:\/\/sombrafestival.com\/en\/\",\"name\":\"Sombra Festival\",\"description\":\"XIII Festival de Cine Fant\u00e1stico Europeo de Murcia, 8-17 MARZO 2024\",\"publisher\":{\"@id\":\"https:\/\/sombrafestival.com\/en\/#organization\"},\"potentialAction\":[{\"@type\":\"SearchAction\",\"target\":{\"@type\":\"EntryPoint\",\"urlTemplate\":\"https:\/\/sombrafestival.com\/en\/?s={search_term_string}\"},\"query-input\":{\"@type\":\"PropertyValueSpecification\",\"valueRequired\":true,\"valueName\":\"search_term_string\"}}],\"inLanguage\":\"en-GB\"},{\"@type\":\"Organization\",\"@id\":\"https:\/\/sombrafestival.com\/en\/#organization\",\"name\":\"SOMBRA, IX FESTIVAL DE CINE FANTASTICO EUROPEO DE MURCIA\",\"url\":\"https:\/\/sombrafestival.com\/en\/\",\"logo\":{\"@type\":\"ImageObject\",\"inLanguage\":\"en-GB\",\"@id\":\"https:\/\/sombrafestival.com\/en\/#\/schema\/logo\/image\/\",\"url\":\"https:\/\/sombrafestival.com\/wp-content\/uploads\/2019\/10\/Sombra-LogoIdentificador-Negativo.jpg\",\"contentUrl\":\"https:\/\/sombrafestival.com\/wp-content\/uploads\/2019\/10\/Sombra-LogoIdentificador-Negativo.jpg\",\"width\":400,\"height\":400,\"caption\":\"SOMBRA, IX FESTIVAL DE CINE FANTASTICO EUROPEO DE MURCIA\"},\"image\":{\"@id\":\"https:\/\/sombrafestival.com\/en\/#\/schema\/logo\/image\/\"},\"sameAs\":[\"https:\/\/www.facebook.com\/Sombra-Festival-De-CINE-Fantastico-Europeo-De-Murcia-175337032531429\/\",\"https:\/\/x.com\/SombraFestival\",\"https:\/\/www.instagram.com\/sombrafestival\/\",\"https:\/\/www.youtube.com\/channel\/UCBdSJni9V30Tq4cGf4Lj0Ug?view_as=subscriber\"]}]}<\/script>\n<!-- \/ Yoast SEO plugin. -->","yoast_head_json":{"title":"Invitados 2023: Florence Sa\u00e2d - Sombra Festival","robots":{"index":"index","follow":"follow","max-snippet":"max-snippet:-1","max-image-preview":"max-image-preview:large","max-video-preview":"max-video-preview:-1"},"canonical":"https:\/\/sombrafestival.com\/en\/invitados-2023-florence-saad\/","og_locale":"en_GB","og_type":"article","og_title":"Invitados 2023: Florence Sa\u00e2d - Sombra Festival","og_description":"Florence Sa\u00e2d Florence Sa\u00e2di lleg\u00f3 a la producci\u00f3n cinematogr\u00e1fica por la puerta del arte y la comunicaci\u00f3n. Profundamente apegada a la defensa de la libertad y de todas las formas de arte y expresi\u00f3n, decidi\u00f3 con su colega Karim Ouelhaj que el cine de g\u00e9nero ser\u00eda su plataforma para el discurso pol\u00edtico y social.","og_url":"https:\/\/sombrafestival.com\/en\/invitados-2023-florence-saad\/","og_site_name":"Sombra Festival","article_publisher":"https:\/\/www.facebook.com\/Sombra-Festival-De-CINE-Fantastico-Europeo-De-Murcia-175337032531429\/","og_image":[{"width":370,"height":370,"url":"https:\/\/sombrafestival.com\/wp-content\/uploads\/2023\/03\/Florence-Sa\u00e2di.jpg","type":"image\/jpeg"}],"twitter_card":"summary_large_image","twitter_site":"@SombraFestival","schema":{"@context":"https:\/\/schema.org","@graph":[{"@type":"WebPage","@id":"https:\/\/sombrafestival.com\/invitados-2023-florence-saad\/","url":"https:\/\/sombrafestival.com\/invitados-2023-florence-saad\/","name":"Invitados 2023: Florence Sa\u00e2d - Sombra Festival","isPartOf":{"@id":"https:\/\/sombrafestival.com\/en\/#website"},"primaryImageOfPage":{"@id":"https:\/\/sombrafestival.com\/invitados-2023-florence-saad\/#primaryimage"},"image":{"@id":"https:\/\/sombrafestival.com\/invitados-2023-florence-saad\/#primaryimage"},"thumbnailUrl":"https:\/\/sombrafestival.com\/wp-content\/uploads\/2023\/03\/Florence-Sa\u00e2di.jpg","datePublished":"2023-03-06T20:54:35+00:00","dateModified":"2023-03-06T20:54:35+00:00","breadcrumb":{"@id":"https:\/\/sombrafestival.com\/invitados-2023-florence-saad\/#breadcrumb"},"inLanguage":"en-GB","potentialAction":[{"@type":"ReadAction","target":["https:\/\/sombrafestival.com\/invitados-2023-florence-saad\/"]}]},{"@type":"ImageObject","inLanguage":"en-GB","@id":"https:\/\/sombrafestival.com\/invitados-2023-florence-saad\/#primaryimage","url":"https:\/\/sombrafestival.com\/wp-content\/uploads\/2023\/03\/Florence-Sa\u00e2di.jpg","contentUrl":"https:\/\/sombrafestival.com\/wp-content\/uploads\/2023\/03\/Florence-Sa\u00e2di.jpg","width":370,"height":370},{"@type":"BreadcrumbList","@id":"https:\/\/sombrafestival.com\/invitados-2023-florence-saad\/#breadcrumb","itemListElement":[{"@type":"ListItem","position":1,"name":"Portada","item":"https:\/\/sombrafestival.com\/"},{"@type":"ListItem","position":2,"name":"Invitados 2023: Florence Sa\u00e2d"}]},{"@type":"WebSite","@id":"https:\/\/sombrafestival.com\/en\/#website","url":"https:\/\/sombrafestival.com\/en\/","name":"Sombra Festival","description":"XIII Festival de Cine Fant\u00e1stico Europeo de Murcia, 8-17 MARZO 2024","publisher":{"@id":"https:\/\/sombrafestival.com\/en\/#organization"},"potentialAction":[{"@type":"SearchAction","target":{"@type":"EntryPoint","urlTemplate":"https:\/\/sombrafestival.com\/en\/?s={search_term_string}"},"query-input":{"@type":"PropertyValueSpecification","valueRequired":true,"valueName":"search_term_string"}}],"inLanguage":"en-GB"},{"@type":"Organization","@id":"https:\/\/sombrafestival.com\/en\/#organization","name":"SOMBRA, IX FESTIVAL DE CINE FANTASTICO EUROPEO DE MURCIA","url":"https:\/\/sombrafestival.com\/en\/","logo":{"@type":"ImageObject","inLanguage":"en-GB","@id":"https:\/\/sombrafestival.com\/en\/#\/schema\/logo\/image\/","url":"https:\/\/sombrafestival.com\/wp-content\/uploads\/2019\/10\/Sombra-LogoIdentificador-Negativo.jpg","contentUrl":"https:\/\/sombrafestival.com\/wp-content\/uploads\/2019\/10\/Sombra-LogoIdentificador-Negativo.jpg","width":400,"height":400,"caption":"SOMBRA, IX FESTIVAL DE CINE FANTASTICO EUROPEO DE MURCIA"},"image":{"@id":"https:\/\/sombrafestival.com\/en\/#\/schema\/logo\/image\/"},"sameAs":["https:\/\/www.facebook.com\/Sombra-Festival-De-CINE-Fantastico-Europeo-De-Murcia-175337032531429\/","https:\/\/x.com\/SombraFestival","https:\/\/www.instagram.com\/sombrafestival\/","https:\/\/www.youtube.com\/channel\/UCBdSJni9V30Tq4cGf4Lj0Ug?view_as=subscriber"]}]}},"_links":{"self":[{"href":"https:\/\/sombrafestival.com\/en\/wp-json\/wp\/v2\/pages\/5856","targetHints":{"allow":["GET"]}}],"collection":[{"href":"https:\/\/sombrafestival.com\/en\/wp-json\/wp\/v2\/pages"}],"about":[{"href":"https:\/\/sombrafestival.com\/en\/wp-json\/wp\/v2\/types\/page"}],"author":[{"embeddable":true,"href":"https:\/\/sombrafestival.com\/en\/wp-json\/wp\/v2\/users\/2"}],"replies":[{"embeddable":true,"href":"https:\/\/sombrafestival.com\/en\/wp-json\/wp\/v2\/comments?post=5856"}],"version-history":[{"count":1,"href":"https:\/\/sombrafestival.com\/en\/wp-json\/wp\/v2\/pages\/5856\/revisions"}],"predecessor-version":[{"id":5858,"href":"https:\/\/sombrafestival.com\/en\/wp-json\/wp\/v2\/pages\/5856\/revisions\/5858"}],"wp:featuredmedia":[{"embeddable":true,"href":"https:\/\/sombrafestival.com\/en\/wp-json\/wp\/v2\/media\/5857"}],"wp:attachment":[{"href":"https:\/\/sombrafestival.com\/en\/wp-json\/wp\/v2\/media?parent=5856"}],"curies":[{"name":"wp","href":"https:\/\/api.w.org\/{rel}","templated":true}]}}

Invitados 2023: Florence Saâd

<h2>Florence Saâd</h2>
<p>Florence Saâdi llegó a la producción cinematográfica por la puerta del arte y la comunicación.<br />
Profundamente apegada a la defensa de la libertad y de todas las formas de arte y expresión, decidió con su colega Karim Ouelhaj que el cine de género sería su plataforma para el discurso político y social.</p>
<p><img loading="lazy" decoding="async" class="size-full wp-image-5857 aligncenter" src="https://sombrafestival.com/wp-content/uploads/2023/03/Florence-Saâdi.jpg" alt="" width="370" height="370" srcset="https://sombrafestival.com/wp-content/uploads/2023/03/Florence-Saâdi.jpg 370w, https://sombrafestival.com/wp-content/uploads/2023/03/Florence-Saâdi-300x300.jpg 300w, https://sombrafestival.com/wp-content/uploads/2023/03/Florence-Saâdi-150x150.jpg 150w, https://sombrafestival.com/wp-content/uploads/2023/03/Florence-Saâdi-12x12.jpg 12w" sizes="auto, (max-width: 370px) 100vw, 370px" /></p>

<p>Florence Saâd Florence Saâdi llegó a la producción cinematográfica por la puerta del arte y la comunicación. Profundamente apegada a la defensa de la libertad y de todas las formas de arte y expresión, decidió con su colega Karim Ouelhaj que el cine de género sería su plataforma para el discurso político y social.</p>

<!-- This site is optimized with the Yoast SEO plugin v24.3 - https://yoast.com/wordpress/plugins/seo/ -->
<title>Invitados 2023: Florence Saâd - Sombra Festival</title>
<meta name="robots" content="index, follow, max-snippet:-1, max-image-preview:large, max-video-preview:-1" />
<link rel="canonical" href="https://sombrafestival.com/en/invitados-2023-florence-saad/" />
<meta property="og:locale" content="en_GB" />
<meta property="og:type" content="article" />
<meta property="og:title" content="Invitados 2023: Florence Saâd - Sombra Festival" />
<meta property="og:description" content="Florence Saâd Florence Saâdi llegó a la producción cinematográfica por la puerta del arte y la comunicación. Profundamente apegada a la defensa de la libertad y de todas las formas de arte y expresión, decidió con su colega Karim Ouelhaj que el cine de género sería su plataforma para el discurso político y social." />
<meta property="og:url" content="https://sombrafestival.com/en/invitados-2023-florence-saad/" />
<meta property="og:site_name" content="Sombra Festival" />
<meta property="article:publisher" content="https://www.facebook.com/Sombra-Festival-De-CINE-Fantastico-Europeo-De-Murcia-175337032531429/" />
<meta property="og:image" content="https://sombrafestival.com/wp-content/uploads/2023/03/Florence-Saâdi.jpg" />
	<meta property="og:image:width" content="370" />
	<meta property="og:image:height" content="370" />
	<meta property="og:image:type" content="image/jpeg" />
<meta name="twitter:card" content="summary_large_image" />
<meta name="twitter:site" content="@SombraFestival" />
<script type="application/ld+json" class="yoast-schema-graph">{"@context":"https://schema.org","@graph":[{"@type":"WebPage","@id":"https://sombrafestival.com/invitados-2023-florence-saad/","url":"https://sombrafestival.com/invitados-2023-florence-saad/","name":"Invitados 2023: Florence Saâd - Sombra Festival","isPartOf":{"@id":"https://sombrafestival.com/en/#website"},"primaryImageOfPage":{"@id":"https://sombrafestival.com/invitados-2023-florence-saad/#primaryimage"},"image":{"@id":"https://sombrafestival.com/invitados-2023-florence-saad/#primaryimage"},"thumbnailUrl":"https://sombrafestival.com/wp-content/uploads/2023/03/Florence-Saâdi.jpg","datePublished":"2023-03-06T20:54:35+00:00","dateModified":"2023-03-06T20:54:35+00:00","breadcrumb":{"@id":"https://sombrafestival.com/invitados-2023-florence-saad/#breadcrumb"},"inLanguage":"en-GB","potentialAction":[{"@type":"ReadAction","target":["https://sombrafestival.com/invitados-2023-florence-saad/"]}]},{"@type":"ImageObject","inLanguage":"en-GB","@id":"https://sombrafestival.com/invitados-2023-florence-saad/#primaryimage","url":"https://sombrafestival.com/wp-content/uploads/2023/03/Florence-Saâdi.jpg","contentUrl":"https://sombrafestival.com/wp-content/uploads/2023/03/Florence-Saâdi.jpg","width":370,"height":370},{"@type":"BreadcrumbList","@id":"https://sombrafestival.com/invitados-2023-florence-saad/#breadcrumb","itemListElement":[{"@type":"ListItem","position":1,"name":"Portada","item":"https://sombrafestival.com/"},{"@type":"ListItem","position":2,"name":"Invitados 2023: Florence Saâd"}]},{"@type":"WebSite","@id":"https://sombrafestival.com/en/#website","url":"https://sombrafestival.com/en/","name":"Sombra Festival","description":"XIII Festival de Cine Fantástico Europeo de Murcia, 8-17 MARZO 2024","publisher":{"@id":"https://sombrafestival.com/en/#organization"},"potentialAction":[{"@type":"SearchAction","target":{"@type":"EntryPoint","urlTemplate":"https://sombrafestival.com/en/?s={search_term_string}"},"query-input":{"@type":"PropertyValueSpecification","valueRequired":true,"valueName":"search_term_string"}}],"inLanguage":"en-GB"},{"@type":"Organization","@id":"https://sombrafestival.com/en/#organization","name":"SOMBRA, IX FESTIVAL DE CINE FANTASTICO EUROPEO DE MURCIA","url":"https://sombrafestival.com/en/","logo":{"@type":"ImageObject","inLanguage":"en-GB","@id":"https://sombrafestival.com/en/#/schema/logo/image/","url":"https://sombrafestival.com/wp-content/uploads/2019/10/Sombra-LogoIdentificador-Negativo.jpg","contentUrl":"https://sombrafestival.com/wp-content/uploads/2019/10/Sombra-LogoIdentificador-Negativo.jpg","width":400,"height":400,"caption":"SOMBRA, IX FESTIVAL DE CINE FANTASTICO EUROPEO DE MURCIA"},"image":{"@id":"https://sombrafestival.com/en/#/schema/logo/image/"},"sameAs":["https://www.facebook.com/Sombra-Festival-De-CINE-Fantastico-Europeo-De-Murcia-175337032531429/","https://x.com/SombraFestival","https://www.instagram.com/sombrafestival/","https://www.youtube.com/channel/UCBdSJni9V30Tq4cGf4Lj0Ug?view_as=subscriber"]}]}</script>
<!-- / Yoast SEO plugin. -->

Invitados 2023: Florence Saâd - Sombra Festival

Florence Saâd Florence Saâdi llegó a la producción cinematográfica por la puerta del arte y la comunicación. Profundamente apegada a la defensa de la libertad y de todas las formas de arte y expresión, decidió con su colega Karim Ouelhaj que el cine de género sería su plataforma para el discurso político y social.

https://sombrafestival.com/wp-content/uploads/2023/03/Florence-Saâdi.jpg

XIII Festival de Cine Fantástico Europeo de Murcia, 8-17 MARZO 2024
