{"id":6435,"date":"2024-02-11T21:49:36","date_gmt":"2024-02-11T20:49:36","guid":{"rendered":"https:\/\/sombrafestival.com\/?page_id=6435"},"modified":"2024-02-11T21:49:36","modified_gmt":"2024-02-11T20:49:36","slug":"invitados-sombra-2024-richard-stanley","status":"publish","type":"page","link":"https:\/\/sombrafestival.com\/en\/invitados-sombra-2024-richard-stanley\/","title":{"rendered":"Invitados Sombra 2024 | Richard Stanley"},"content":{"rendered":"<h2>Richard Stanley<\/h2>\n<p>Nos ha llevado al Nueva York post-apocal\u00edptico y a conocer al demonio del desierto; le hemos acompa\u00f1ado en su \u00e9picamente completo viaje a la isla del Dr. Moreau y hemos contemplado la noche te\u00f1ida de colores de otros mundos&#8230; <strong>RICHARD STANLEY<\/strong> llega a #SombraMadrid.<\/p>\n<p>Tras m\u00e1s de 20 a\u00f1os alejado de la direcci\u00f3n, Richard Stanley ha vuelto a la palestra nada y nada menos que con una adaptaci\u00f3n del genio <strong>Lovecraft<\/strong>: <span style=\"color: #993300;\"><strong>Color out of space<\/strong><\/span>. La pel\u00edcula, protagonizada por Nicolas Cage, supone la vuelta Stanley como director de largometrajes tras su salida de \u00abLa isla del doctor Moreau\u00bb.<\/p>\n<p>A principios de los 90, Stanley dirigi\u00f3 dos pel\u00edculas que, con el tiempo, se han convertido en aut\u00e9ntico cine de culto como <span style=\"color: #993300;\">Hardware, preparado para matar<\/span> and <span style=\"color: #993300;\">El demonio del desierto<\/span>. Tambi\u00e9n ha tenido una importante implicaci\u00f3n en el mundo musical, trabajando con grupos como <strong>Fields of the Nephilim<\/strong>, <strong>Public Image Limited<\/strong> o <strong>Marillion<\/strong>; de hecho, en su pel\u00edcula <span style=\"color: #993300;\">Hardware<\/span>, podemos encontrar cameos de artistas de la talla de <strong>Iggy Pop<\/strong>, <strong>Carl McCoy<\/strong> o <strong>Lemmy<\/strong>.<\/p>\n<p><img loading=\"lazy\" decoding=\"async\" class=\"alignnone size-full wp-image-6361\" src=\"https:\/\/sombramadrid.com\/wp-content\/uploads\/2024\/02\/Richard-Stanley.jpg\" alt=\"\" width=\"620\" height=\"629\" \/><\/p>","protected":false},"excerpt":{"rendered":"<p>Richard Stanley Nos ha llevado al Nueva York post-apocal\u00edptico y a conocer al demonio del desierto; le hemos acompa\u00f1ado en su \u00e9picamente completo viaje a la isla del Dr. Moreau y hemos contemplado la noche te\u00f1ida de colores de otros mundos&#8230; RICHARD STANLEY llega a #SombraMadrid. Tras m\u00e1s de 20 a\u00f1os alejado de la direcci\u00f3n, [&hellip;]<\/p>","protected":false},"author":2,"featured_media":6295,"parent":0,"menu_order":0,"comment_status":"closed","ping_status":"closed","template":"","meta":{"footnotes":""},"class_list":["post-6435","page","type-page","status-publish","has-post-thumbnail"],"yoast_head":"<!-- This site is optimized with the Yoast SEO plugin v24.3 - https:\/\/yoast.com\/wordpress\/plugins\/seo\/ -->\n<title>Invitados Sombra 2024 | Richard Stanley - Sombra Festival<\/title>\n<meta name=\"robots\" content=\"index, follow, max-snippet:-1, max-image-preview:large, max-video-preview:-1\" \/>\n<link rel=\"canonical\" href=\"https:\/\/sombrafestival.com\/en\/invitados-sombra-2024-richard-stanley\/\" \/>\n<meta property=\"og:locale\" content=\"en_GB\" \/>\n<meta property=\"og:type\" content=\"article\" \/>\n<meta property=\"og:title\" content=\"Invitados Sombra 2024 | Richard Stanley - Sombra Festival\" \/>\n<meta property=\"og:description\" content=\"Richard Stanley Nos ha llevado al Nueva York post-apocal\u00edptico y a conocer al demonio del desierto; le hemos acompa\u00f1ado en su \u00e9picamente completo viaje a la isla del Dr. Moreau y hemos contemplado la noche te\u00f1ida de colores de otros mundos&#8230; RICHARD STANLEY llega a #SombraMadrid. Tras m\u00e1s de 20 a\u00f1os alejado de la direcci\u00f3n, [&hellip;]\" \/>\n<meta property=\"og:url\" content=\"https:\/\/sombrafestival.com\/en\/invitados-sombra-2024-richard-stanley\/\" \/>\n<meta property=\"og:site_name\" content=\"Sombra Festival\" \/>\n<meta property=\"article:publisher\" content=\"https:\/\/www.facebook.com\/Sombra-Festival-De-CINE-Fantastico-Europeo-De-Murcia-175337032531429\/\" \/>\n<meta property=\"og:image\" content=\"https:\/\/sombrafestival.com\/wp-content\/uploads\/2024\/02\/Richard-Stanley.jpg\" \/>\n\t<meta property=\"og:image:width\" content=\"620\" \/>\n\t<meta property=\"og:image:height\" content=\"629\" \/>\n\t<meta property=\"og:image:type\" content=\"image\/jpeg\" \/>\n<meta name=\"twitter:card\" content=\"summary_large_image\" \/>\n<meta name=\"twitter:site\" content=\"@SombraFestival\" \/>\n<meta name=\"twitter:label1\" content=\"Est. reading time\" \/>\n\t<meta name=\"twitter:data1\" content=\"1 minute\" \/>\n<script type=\"application\/ld+json\" class=\"yoast-schema-graph\">{\"@context\":\"https:\/\/schema.org\",\"@graph\":[{\"@type\":\"WebPage\",\"@id\":\"https:\/\/sombrafestival.com\/invitados-sombra-2024-richard-stanley\/\",\"url\":\"https:\/\/sombrafestival.com\/invitados-sombra-2024-richard-stanley\/\",\"name\":\"Invitados Sombra 2024 | Richard Stanley - Sombra Festival\",\"isPartOf\":{\"@id\":\"https:\/\/sombrafestival.com\/en\/#website\"},\"primaryImageOfPage\":{\"@id\":\"https:\/\/sombrafestival.com\/invitados-sombra-2024-richard-stanley\/#primaryimage\"},\"image\":{\"@id\":\"https:\/\/sombrafestival.com\/invitados-sombra-2024-richard-stanley\/#primaryimage\"},\"thumbnailUrl\":\"https:\/\/sombrafestival.com\/wp-content\/uploads\/2024\/02\/Richard-Stanley.jpg\",\"datePublished\":\"2024-02-11T20:49:36+00:00\",\"dateModified\":\"2024-02-11T20:49:36+00:00\",\"breadcrumb\":{\"@id\":\"https:\/\/sombrafestival.com\/invitados-sombra-2024-richard-stanley\/#breadcrumb\"},\"inLanguage\":\"en-GB\",\"potentialAction\":[{\"@type\":\"ReadAction\",\"target\":[\"https:\/\/sombrafestival.com\/invitados-sombra-2024-richard-stanley\/\"]}]},{\"@type\":\"ImageObject\",\"inLanguage\":\"en-GB\",\"@id\":\"https:\/\/sombrafestival.com\/invitados-sombra-2024-richard-stanley\/#primaryimage\",\"url\":\"https:\/\/sombrafestival.com\/wp-content\/uploads\/2024\/02\/Richard-Stanley.jpg\",\"contentUrl\":\"https:\/\/sombrafestival.com\/wp-content\/uploads\/2024\/02\/Richard-Stanley.jpg\",\"width\":620,\"height\":629},{\"@type\":\"BreadcrumbList\",\"@id\":\"https:\/\/sombrafestival.com\/invitados-sombra-2024-richard-stanley\/#breadcrumb\",\"itemListElement\":[{\"@type\":\"ListItem\",\"position\":1,\"name\":\"Portada\",\"item\":\"https:\/\/sombrafestival.com\/\"},{\"@type\":\"ListItem\",\"position\":2,\"name\":\"Invitados Sombra 2024 | Richard Stanley\"}]},{\"@type\":\"WebSite\",\"@id\":\"https:\/\/sombrafestival.com\/en\/#website\",\"url\":\"https:\/\/sombrafestival.com\/en\/\",\"name\":\"Sombra Festival\",\"description\":\"XIII Festival de Cine Fant\u00e1stico Europeo de Murcia, 8-17 MARZO 2024\",\"publisher\":{\"@id\":\"https:\/\/sombrafestival.com\/en\/#organization\"},\"potentialAction\":[{\"@type\":\"SearchAction\",\"target\":{\"@type\":\"EntryPoint\",\"urlTemplate\":\"https:\/\/sombrafestival.com\/en\/?s={search_term_string}\"},\"query-input\":{\"@type\":\"PropertyValueSpecification\",\"valueRequired\":true,\"valueName\":\"search_term_string\"}}],\"inLanguage\":\"en-GB\"},{\"@type\":\"Organization\",\"@id\":\"https:\/\/sombrafestival.com\/en\/#organization\",\"name\":\"SOMBRA, IX FESTIVAL DE CINE FANTASTICO EUROPEO DE MURCIA\",\"url\":\"https:\/\/sombrafestival.com\/en\/\",\"logo\":{\"@type\":\"ImageObject\",\"inLanguage\":\"en-GB\",\"@id\":\"https:\/\/sombrafestival.com\/en\/#\/schema\/logo\/image\/\",\"url\":\"https:\/\/sombrafestival.com\/wp-content\/uploads\/2019\/10\/Sombra-LogoIdentificador-Negativo.jpg\",\"contentUrl\":\"https:\/\/sombrafestival.com\/wp-content\/uploads\/2019\/10\/Sombra-LogoIdentificador-Negativo.jpg\",\"width\":400,\"height\":400,\"caption\":\"SOMBRA, IX FESTIVAL DE CINE FANTASTICO EUROPEO DE MURCIA\"},\"image\":{\"@id\":\"https:\/\/sombrafestival.com\/en\/#\/schema\/logo\/image\/\"},\"sameAs\":[\"https:\/\/www.facebook.com\/Sombra-Festival-De-CINE-Fantastico-Europeo-De-Murcia-175337032531429\/\",\"https:\/\/x.com\/SombraFestival\",\"https:\/\/www.instagram.com\/sombrafestival\/\",\"https:\/\/www.youtube.com\/channel\/UCBdSJni9V30Tq4cGf4Lj0Ug?view_as=subscriber\"]}]}<\/script>\n<!-- \/ Yoast SEO plugin. -->","yoast_head_json":{"title":"Invitados Sombra 2024 | Richard Stanley - Sombra Festival","robots":{"index":"index","follow":"follow","max-snippet":"max-snippet:-1","max-image-preview":"max-image-preview:large","max-video-preview":"max-video-preview:-1"},"canonical":"https:\/\/sombrafestival.com\/en\/invitados-sombra-2024-richard-stanley\/","og_locale":"en_GB","og_type":"article","og_title":"Invitados Sombra 2024 | Richard Stanley - Sombra Festival","og_description":"Richard Stanley Nos ha llevado al Nueva York post-apocal\u00edptico y a conocer al demonio del desierto; le hemos acompa\u00f1ado en su \u00e9picamente completo viaje a la isla del Dr. Moreau y hemos contemplado la noche te\u00f1ida de colores de otros mundos&#8230; RICHARD STANLEY llega a #SombraMadrid. Tras m\u00e1s de 20 a\u00f1os alejado de la direcci\u00f3n, [&hellip;]","og_url":"https:\/\/sombrafestival.com\/en\/invitados-sombra-2024-richard-stanley\/","og_site_name":"Sombra Festival","article_publisher":"https:\/\/www.facebook.com\/Sombra-Festival-De-CINE-Fantastico-Europeo-De-Murcia-175337032531429\/","og_image":[{"width":620,"height":629,"url":"https:\/\/sombrafestival.com\/wp-content\/uploads\/2024\/02\/Richard-Stanley.jpg","type":"image\/jpeg"}],"twitter_card":"summary_large_image","twitter_site":"@SombraFestival","twitter_misc":{"Est. reading time":"1 minute"},"schema":{"@context":"https:\/\/schema.org","@graph":[{"@type":"WebPage","@id":"https:\/\/sombrafestival.com\/invitados-sombra-2024-richard-stanley\/","url":"https:\/\/sombrafestival.com\/invitados-sombra-2024-richard-stanley\/","name":"Invitados Sombra 2024 | Richard Stanley - Sombra Festival","isPartOf":{"@id":"https:\/\/sombrafestival.com\/en\/#website"},"primaryImageOfPage":{"@id":"https:\/\/sombrafestival.com\/invitados-sombra-2024-richard-stanley\/#primaryimage"},"image":{"@id":"https:\/\/sombrafestival.com\/invitados-sombra-2024-richard-stanley\/#primaryimage"},"thumbnailUrl":"https:\/\/sombrafestival.com\/wp-content\/uploads\/2024\/02\/Richard-Stanley.jpg","datePublished":"2024-02-11T20:49:36+00:00","dateModified":"2024-02-11T20:49:36+00:00","breadcrumb":{"@id":"https:\/\/sombrafestival.com\/invitados-sombra-2024-richard-stanley\/#breadcrumb"},"inLanguage":"en-GB","potentialAction":[{"@type":"ReadAction","target":["https:\/\/sombrafestival.com\/invitados-sombra-2024-richard-stanley\/"]}]},{"@type":"ImageObject","inLanguage":"en-GB","@id":"https:\/\/sombrafestival.com\/invitados-sombra-2024-richard-stanley\/#primaryimage","url":"https:\/\/sombrafestival.com\/wp-content\/uploads\/2024\/02\/Richard-Stanley.jpg","contentUrl":"https:\/\/sombrafestival.com\/wp-content\/uploads\/2024\/02\/Richard-Stanley.jpg","width":620,"height":629},{"@type":"BreadcrumbList","@id":"https:\/\/sombrafestival.com\/invitados-sombra-2024-richard-stanley\/#breadcrumb","itemListElement":[{"@type":"ListItem","position":1,"name":"Portada","item":"https:\/\/sombrafestival.com\/"},{"@type":"ListItem","position":2,"name":"Invitados Sombra 2024 | Richard Stanley"}]},{"@type":"WebSite","@id":"https:\/\/sombrafestival.com\/en\/#website","url":"https:\/\/sombrafestival.com\/en\/","name":"Sombra Festival","description":"XIII Festival de Cine Fant\u00e1stico Europeo de Murcia, 8-17 MARZO 2024","publisher":{"@id":"https:\/\/sombrafestival.com\/en\/#organization"},"potentialAction":[{"@type":"SearchAction","target":{"@type":"EntryPoint","urlTemplate":"https:\/\/sombrafestival.com\/en\/?s={search_term_string}"},"query-input":{"@type":"PropertyValueSpecification","valueRequired":true,"valueName":"search_term_string"}}],"inLanguage":"en-GB"},{"@type":"Organization","@id":"https:\/\/sombrafestival.com\/en\/#organization","name":"SOMBRA, IX FESTIVAL DE CINE FANTASTICO EUROPEO DE MURCIA","url":"https:\/\/sombrafestival.com\/en\/","logo":{"@type":"ImageObject","inLanguage":"en-GB","@id":"https:\/\/sombrafestival.com\/en\/#\/schema\/logo\/image\/","url":"https:\/\/sombrafestival.com\/wp-content\/uploads\/2019\/10\/Sombra-LogoIdentificador-Negativo.jpg","contentUrl":"https:\/\/sombrafestival.com\/wp-content\/uploads\/2019\/10\/Sombra-LogoIdentificador-Negativo.jpg","width":400,"height":400,"caption":"SOMBRA, IX FESTIVAL DE CINE FANTASTICO EUROPEO DE MURCIA"},"image":{"@id":"https:\/\/sombrafestival.com\/en\/#\/schema\/logo\/image\/"},"sameAs":["https:\/\/www.facebook.com\/Sombra-Festival-De-CINE-Fantastico-Europeo-De-Murcia-175337032531429\/","https:\/\/x.com\/SombraFestival","https:\/\/www.instagram.com\/sombrafestival\/","https:\/\/www.youtube.com\/channel\/UCBdSJni9V30Tq4cGf4Lj0Ug?view_as=subscriber"]}]}},"_links":{"self":[{"href":"https:\/\/sombrafestival.com\/en\/wp-json\/wp\/v2\/pages\/6435","targetHints":{"allow":["GET"]}}],"collection":[{"href":"https:\/\/sombrafestival.com\/en\/wp-json\/wp\/v2\/pages"}],"about":[{"href":"https:\/\/sombrafestival.com\/en\/wp-json\/wp\/v2\/types\/page"}],"author":[{"embeddable":true,"href":"https:\/\/sombrafestival.com\/en\/wp-json\/wp\/v2\/users\/2"}],"replies":[{"embeddable":true,"href":"https:\/\/sombrafestival.com\/en\/wp-json\/wp\/v2\/comments?post=6435"}],"version-history":[{"count":1,"href":"https:\/\/sombrafestival.com\/en\/wp-json\/wp\/v2\/pages\/6435\/revisions"}],"predecessor-version":[{"id":6436,"href":"https:\/\/sombrafestival.com\/en\/wp-json\/wp\/v2\/pages\/6435\/revisions\/6436"}],"wp:featuredmedia":[{"embeddable":true,"href":"https:\/\/sombrafestival.com\/en\/wp-json\/wp\/v2\/media\/6295"}],"wp:attachment":[{"href":"https:\/\/sombrafestival.com\/en\/wp-json\/wp\/v2\/media?parent=6435"}],"curies":[{"name":"wp","href":"https:\/\/api.w.org\/{rel}","templated":true}]}}

<h2>Richard Stanley</h2>
<p>Nos ha llevado al Nueva York post-apocalíptico y a conocer al demonio del desierto; le hemos acompañado en su épicamente completo viaje a la isla del Dr. Moreau y hemos contemplado la noche teñida de colores de otros mundos&#8230; <strong>RICHARD STANLEY</strong> llega a #SombraMadrid.</p>
<p>Tras más de 20 años alejado de la dirección, Richard Stanley ha vuelto a la palestra nada y nada menos que con una adaptación del genio <strong>Lovecraft</strong>: <span style="color: #993300;"><strong>Color out of space</strong></span>. La película, protagonizada por Nicolas Cage, supone la vuelta Stanley como director de largometrajes tras su salida de «La isla del doctor Moreau».</p>
<p>A principios de los 90, Stanley dirigió dos películas que, con el tiempo, se han convertido en auténtico cine de culto como <span style="color: #993300;">Hardware, preparado para matar</span> and <span style="color: #993300;">El demonio del desierto</span>. También ha tenido una importante implicación en el mundo musical, trabajando con grupos como <strong>Fields of the Nephilim</strong>, <strong>Public Image Limited</strong> o <strong>Marillion</strong>; de hecho, en su película <span style="color: #993300;">Hardware</span>, podemos encontrar cameos de artistas de la talla de <strong>Iggy Pop</strong>, <strong>Carl McCoy</strong> o <strong>Lemmy</strong>.</p>
<p><img loading="lazy" decoding="async" class="alignnone size-full wp-image-6361" src="https://sombramadrid.com/wp-content/uploads/2024/02/Richard-Stanley.jpg" alt="" width="620" height="629" /></p>

<p>Richard Stanley Nos ha llevado al Nueva York post-apocalíptico y a conocer al demonio del desierto; le hemos acompañado en su épicamente completo viaje a la isla del Dr. Moreau y hemos contemplado la noche teñida de colores de otros mundos&#8230; RICHARD STANLEY llega a #SombraMadrid. Tras más de 20 años alejado de la dirección, [&hellip;]</p>

<!-- This site is optimized with the Yoast SEO plugin v24.3 - https://yoast.com/wordpress/plugins/seo/ -->
<title>Invitados Sombra 2024 | Richard Stanley - Sombra Festival</title>
<meta name="robots" content="index, follow, max-snippet:-1, max-image-preview:large, max-video-preview:-1" />
<link rel="canonical" href="https://sombrafestival.com/en/invitados-sombra-2024-richard-stanley/" />
<meta property="og:locale" content="en_GB" />
<meta property="og:type" content="article" />
<meta property="og:title" content="Invitados Sombra 2024 | Richard Stanley - Sombra Festival" />
<meta property="og:description" content="Richard Stanley Nos ha llevado al Nueva York post-apocalíptico y a conocer al demonio del desierto; le hemos acompañado en su épicamente completo viaje a la isla del Dr. Moreau y hemos contemplado la noche teñida de colores de otros mundos&#8230; RICHARD STANLEY llega a #SombraMadrid. Tras más de 20 años alejado de la dirección, [&hellip;]" />
<meta property="og:url" content="https://sombrafestival.com/en/invitados-sombra-2024-richard-stanley/" />
<meta property="og:site_name" content="Sombra Festival" />
<meta property="article:publisher" content="https://www.facebook.com/Sombra-Festival-De-CINE-Fantastico-Europeo-De-Murcia-175337032531429/" />
<meta property="og:image" content="https://sombrafestival.com/wp-content/uploads/2024/02/Richard-Stanley.jpg" />
	<meta property="og:image:width" content="620" />
	<meta property="og:image:height" content="629" />
	<meta property="og:image:type" content="image/jpeg" />
<meta name="twitter:card" content="summary_large_image" />
<meta name="twitter:site" content="@SombraFestival" />
<meta name="twitter:label1" content="Est. reading time" />
	<meta name="twitter:data1" content="1 minute" />
<script type="application/ld+json" class="yoast-schema-graph">{"@context":"https://schema.org","@graph":[{"@type":"WebPage","@id":"https://sombrafestival.com/invitados-sombra-2024-richard-stanley/","url":"https://sombrafestival.com/invitados-sombra-2024-richard-stanley/","name":"Invitados Sombra 2024 | Richard Stanley - Sombra Festival","isPartOf":{"@id":"https://sombrafestival.com/en/#website"},"primaryImageOfPage":{"@id":"https://sombrafestival.com/invitados-sombra-2024-richard-stanley/#primaryimage"},"image":{"@id":"https://sombrafestival.com/invitados-sombra-2024-richard-stanley/#primaryimage"},"thumbnailUrl":"https://sombrafestival.com/wp-content/uploads/2024/02/Richard-Stanley.jpg","datePublished":"2024-02-11T20:49:36+00:00","dateModified":"2024-02-11T20:49:36+00:00","breadcrumb":{"@id":"https://sombrafestival.com/invitados-sombra-2024-richard-stanley/#breadcrumb"},"inLanguage":"en-GB","potentialAction":[{"@type":"ReadAction","target":["https://sombrafestival.com/invitados-sombra-2024-richard-stanley/"]}]},{"@type":"ImageObject","inLanguage":"en-GB","@id":"https://sombrafestival.com/invitados-sombra-2024-richard-stanley/#primaryimage","url":"https://sombrafestival.com/wp-content/uploads/2024/02/Richard-Stanley.jpg","contentUrl":"https://sombrafestival.com/wp-content/uploads/2024/02/Richard-Stanley.jpg","width":620,"height":629},{"@type":"BreadcrumbList","@id":"https://sombrafestival.com/invitados-sombra-2024-richard-stanley/#breadcrumb","itemListElement":[{"@type":"ListItem","position":1,"name":"Portada","item":"https://sombrafestival.com/"},{"@type":"ListItem","position":2,"name":"Invitados Sombra 2024 | Richard Stanley"}]},{"@type":"WebSite","@id":"https://sombrafestival.com/en/#website","url":"https://sombrafestival.com/en/","name":"Sombra Festival","description":"XIII Festival de Cine Fantástico Europeo de Murcia, 8-17 MARZO 2024","publisher":{"@id":"https://sombrafestival.com/en/#organization"},"potentialAction":[{"@type":"SearchAction","target":{"@type":"EntryPoint","urlTemplate":"https://sombrafestival.com/en/?s={search_term_string}"},"query-input":{"@type":"PropertyValueSpecification","valueRequired":true,"valueName":"search_term_string"}}],"inLanguage":"en-GB"},{"@type":"Organization","@id":"https://sombrafestival.com/en/#organization","name":"SOMBRA, IX FESTIVAL DE CINE FANTASTICO EUROPEO DE MURCIA","url":"https://sombrafestival.com/en/","logo":{"@type":"ImageObject","inLanguage":"en-GB","@id":"https://sombrafestival.com/en/#/schema/logo/image/","url":"https://sombrafestival.com/wp-content/uploads/2019/10/Sombra-LogoIdentificador-Negativo.jpg","contentUrl":"https://sombrafestival.com/wp-content/uploads/2019/10/Sombra-LogoIdentificador-Negativo.jpg","width":400,"height":400,"caption":"SOMBRA, IX FESTIVAL DE CINE FANTASTICO EUROPEO DE MURCIA"},"image":{"@id":"https://sombrafestival.com/en/#/schema/logo/image/"},"sameAs":["https://www.facebook.com/Sombra-Festival-De-CINE-Fantastico-Europeo-De-Murcia-175337032531429/","https://x.com/SombraFestival","https://www.instagram.com/sombrafestival/","https://www.youtube.com/channel/UCBdSJni9V30Tq4cGf4Lj0Ug?view_as=subscriber"]}]}</script>
<!-- / Yoast SEO plugin. -->

Richard Stanley Nos ha llevado al Nueva York post-apocalíptico y a conocer al demonio del desierto; le hemos acompañado en su épicamente completo viaje a la isla del Dr. Moreau y hemos contemplado la noche teñida de colores de otros mundos&#8230; RICHARD STANLEY llega a #SombraMadrid. Tras más de 20 años alejado de la dirección, [&hellip;]

XIII Festival de Cine Fantástico Europeo de Murcia, 8-17 MARZO 2024
