{"id":6543,"date":"2024-02-26T20:52:33","date_gmt":"2024-02-26T19:52:33","guid":{"rendered":"https:\/\/sombrafestival.com\/?page_id=6543"},"modified":"2024-02-28T17:55:19","modified_gmt":"2024-02-28T16:55:19","slug":"charla-sombra-un-festival-europeo","status":"publish","type":"page","link":"https:\/\/sombrafestival.com\/en\/charla-sombra-un-festival-europeo\/","title":{"rendered":"Charla | Sombra: Un Festival Europeo"},"content":{"rendered":"<p><strong>Charla | Sombra: Un Festival Europeo<\/strong><\/p>\n\n\n\n<p class=\"has-text-color has-background has-vivid-red-color has-very-light-gray-background-color\"><strong>\u00bfCu\u00e1ndo?:<\/strong> Martes, 12 de marzo a las 12:00<br><strong>\u00bfD\u00f3nde?:<\/strong> Filmoteca Regional | Sala B<br><strong>Precio:<\/strong> Gratuito<\/p>\n\n\n\n<p><strong>Participan: <\/strong><\/p>\n\n\n\n<ul class=\"wp-block-list\"><li><strong>Eva Serna L\u00f3pez<\/strong> (Documentalista del Centro Europe Direct Regi\u00f3n de Murcia)<\/li><li><strong>Juan Antonio Iborra <\/strong>(T\u00e9cnico responsable de proyectos europeos de la Direcci\u00f3n General de la UE (DGUE)<\/li><li><strong>Javier Garc\u00eda <\/strong>(Director Sombra)<\/li><\/ul>\n\n\n\n<figure class=\"wp-block-image size-large\"><img loading=\"lazy\" decoding=\"async\" width=\"1000\" height=\"563\" src=\"https:\/\/sombrafestival.com\/wp-content\/uploads\/2024\/02\/cine.jpg\" alt=\"\" class=\"wp-image-6544\" srcset=\"https:\/\/sombrafestival.com\/wp-content\/uploads\/2024\/02\/cine.jpg 1000w, https:\/\/sombrafestival.com\/wp-content\/uploads\/2024\/02\/cine-300x169.jpg 300w, https:\/\/sombrafestival.com\/wp-content\/uploads\/2024\/02\/cine-768x432.jpg 768w, https:\/\/sombrafestival.com\/wp-content\/uploads\/2024\/02\/cine-18x10.jpg 18w, https:\/\/sombrafestival.com\/wp-content\/uploads\/2024\/02\/cine-696x392.jpg 696w, https:\/\/sombrafestival.com\/wp-content\/uploads\/2024\/02\/cine-746x420.jpg 746w\" sizes=\"auto, (max-width: 1000px) 100vw, 1000px\" \/><\/figure>","protected":false},"excerpt":{"rendered":"<p>Charla | Sombra: Un Festival Europeo \u00bfCu\u00e1ndo?: Martes, 12 de marzo a las 12:00\u00bfD\u00f3nde?: Filmoteca Regional | Sala BPrecio: Gratuito Participan: Eva Serna L\u00f3pez (Documentalista del Centro Europe Direct Regi\u00f3n de Murcia) Juan Antonio Iborra (T\u00e9cnico responsable de proyectos europeos de la Direcci\u00f3n General de la UE (DGUE) Javier Garc\u00eda (Director Sombra)<\/p>","protected":false},"author":2,"featured_media":5515,"parent":0,"menu_order":0,"comment_status":"closed","ping_status":"closed","template":"","meta":{"footnotes":""},"class_list":["post-6543","page","type-page","status-publish","has-post-thumbnail"],"yoast_head":"<!-- This site is optimized with the Yoast SEO plugin v24.3 - https:\/\/yoast.com\/wordpress\/plugins\/seo\/ -->\n<title>Charla | Sombra: Un Festival Europeo - Sombra Festival<\/title>\n<meta name=\"robots\" content=\"index, follow, max-snippet:-1, max-image-preview:large, max-video-preview:-1\" \/>\n<link rel=\"canonical\" href=\"https:\/\/sombrafestival.com\/en\/charla-sombra-un-festival-europeo\/\" \/>\n<meta property=\"og:locale\" content=\"en_GB\" \/>\n<meta property=\"og:type\" content=\"article\" \/>\n<meta property=\"og:title\" content=\"Charla | Sombra: Un Festival Europeo - Sombra Festival\" \/>\n<meta property=\"og:description\" content=\"Charla | Sombra: Un Festival Europeo \u00bfCu\u00e1ndo?: Martes, 12 de marzo a las 12:00\u00bfD\u00f3nde?: Filmoteca Regional | Sala BPrecio: Gratuito Participan: Eva Serna L\u00f3pez (Documentalista del Centro Europe Direct Regi\u00f3n de Murcia) Juan Antonio Iborra (T\u00e9cnico responsable de proyectos europeos de la Direcci\u00f3n General de la UE (DGUE) Javier Garc\u00eda (Director Sombra)\" \/>\n<meta property=\"og:url\" content=\"https:\/\/sombrafestival.com\/en\/charla-sombra-un-festival-europeo\/\" \/>\n<meta property=\"og:site_name\" content=\"Sombra Festival\" \/>\n<meta property=\"article:publisher\" content=\"https:\/\/www.facebook.com\/Sombra-Festival-De-CINE-Fantastico-Europeo-De-Murcia-175337032531429\/\" \/>\n<meta property=\"article:modified_time\" content=\"2024-02-28T16:55:19+00:00\" \/>\n<meta property=\"og:image\" content=\"https:\/\/sombrafestival.com\/wp-content\/uploads\/2023\/02\/la-llamada-de-Cthulhu.jpg\" \/>\n\t<meta property=\"og:image:width\" content=\"900\" \/>\n\t<meta property=\"og:image:height\" content=\"892\" \/>\n\t<meta property=\"og:image:type\" content=\"image\/jpeg\" \/>\n<meta name=\"twitter:card\" content=\"summary_large_image\" \/>\n<meta name=\"twitter:site\" content=\"@SombraFestival\" \/>\n<script type=\"application\/ld+json\" class=\"yoast-schema-graph\">{\"@context\":\"https:\/\/schema.org\",\"@graph\":[{\"@type\":\"WebPage\",\"@id\":\"https:\/\/sombrafestival.com\/charla-sombra-un-festival-europeo\/\",\"url\":\"https:\/\/sombrafestival.com\/charla-sombra-un-festival-europeo\/\",\"name\":\"Charla | Sombra: Un Festival Europeo - Sombra Festival\",\"isPartOf\":{\"@id\":\"https:\/\/sombrafestival.com\/en\/#website\"},\"primaryImageOfPage\":{\"@id\":\"https:\/\/sombrafestival.com\/charla-sombra-un-festival-europeo\/#primaryimage\"},\"image\":{\"@id\":\"https:\/\/sombrafestival.com\/charla-sombra-un-festival-europeo\/#primaryimage\"},\"thumbnailUrl\":\"https:\/\/sombrafestival.com\/wp-content\/uploads\/2023\/02\/la-llamada-de-Cthulhu.jpg\",\"datePublished\":\"2024-02-26T19:52:33+00:00\",\"dateModified\":\"2024-02-28T16:55:19+00:00\",\"breadcrumb\":{\"@id\":\"https:\/\/sombrafestival.com\/charla-sombra-un-festival-europeo\/#breadcrumb\"},\"inLanguage\":\"en-GB\",\"potentialAction\":[{\"@type\":\"ReadAction\",\"target\":[\"https:\/\/sombrafestival.com\/charla-sombra-un-festival-europeo\/\"]}]},{\"@type\":\"ImageObject\",\"inLanguage\":\"en-GB\",\"@id\":\"https:\/\/sombrafestival.com\/charla-sombra-un-festival-europeo\/#primaryimage\",\"url\":\"https:\/\/sombrafestival.com\/wp-content\/uploads\/2023\/02\/la-llamada-de-Cthulhu.jpg\",\"contentUrl\":\"https:\/\/sombrafestival.com\/wp-content\/uploads\/2023\/02\/la-llamada-de-Cthulhu.jpg\",\"width\":900,\"height\":892},{\"@type\":\"BreadcrumbList\",\"@id\":\"https:\/\/sombrafestival.com\/charla-sombra-un-festival-europeo\/#breadcrumb\",\"itemListElement\":[{\"@type\":\"ListItem\",\"position\":1,\"name\":\"Portada\",\"item\":\"https:\/\/sombrafestival.com\/\"},{\"@type\":\"ListItem\",\"position\":2,\"name\":\"Charla | Sombra: Un Festival Europeo\"}]},{\"@type\":\"WebSite\",\"@id\":\"https:\/\/sombrafestival.com\/en\/#website\",\"url\":\"https:\/\/sombrafestival.com\/en\/\",\"name\":\"Sombra Festival\",\"description\":\"XIII Festival de Cine Fant\u00e1stico Europeo de Murcia, 8-17 MARZO 2024\",\"publisher\":{\"@id\":\"https:\/\/sombrafestival.com\/en\/#organization\"},\"potentialAction\":[{\"@type\":\"SearchAction\",\"target\":{\"@type\":\"EntryPoint\",\"urlTemplate\":\"https:\/\/sombrafestival.com\/en\/?s={search_term_string}\"},\"query-input\":{\"@type\":\"PropertyValueSpecification\",\"valueRequired\":true,\"valueName\":\"search_term_string\"}}],\"inLanguage\":\"en-GB\"},{\"@type\":\"Organization\",\"@id\":\"https:\/\/sombrafestival.com\/en\/#organization\",\"name\":\"SOMBRA, IX FESTIVAL DE CINE FANTASTICO EUROPEO DE MURCIA\",\"url\":\"https:\/\/sombrafestival.com\/en\/\",\"logo\":{\"@type\":\"ImageObject\",\"inLanguage\":\"en-GB\",\"@id\":\"https:\/\/sombrafestival.com\/en\/#\/schema\/logo\/image\/\",\"url\":\"https:\/\/sombrafestival.com\/wp-content\/uploads\/2019\/10\/Sombra-LogoIdentificador-Negativo.jpg\",\"contentUrl\":\"https:\/\/sombrafestival.com\/wp-content\/uploads\/2019\/10\/Sombra-LogoIdentificador-Negativo.jpg\",\"width\":400,\"height\":400,\"caption\":\"SOMBRA, IX FESTIVAL DE CINE FANTASTICO EUROPEO DE MURCIA\"},\"image\":{\"@id\":\"https:\/\/sombrafestival.com\/en\/#\/schema\/logo\/image\/\"},\"sameAs\":[\"https:\/\/www.facebook.com\/Sombra-Festival-De-CINE-Fantastico-Europeo-De-Murcia-175337032531429\/\",\"https:\/\/x.com\/SombraFestival\",\"https:\/\/www.instagram.com\/sombrafestival\/\",\"https:\/\/www.youtube.com\/channel\/UCBdSJni9V30Tq4cGf4Lj0Ug?view_as=subscriber\"]}]}<\/script>\n<!-- \/ Yoast SEO plugin. -->","yoast_head_json":{"title":"Charla | Sombra: Un Festival Europeo - Sombra Festival","robots":{"index":"index","follow":"follow","max-snippet":"max-snippet:-1","max-image-preview":"max-image-preview:large","max-video-preview":"max-video-preview:-1"},"canonical":"https:\/\/sombrafestival.com\/en\/charla-sombra-un-festival-europeo\/","og_locale":"en_GB","og_type":"article","og_title":"Charla | Sombra: Un Festival Europeo - Sombra Festival","og_description":"Charla | Sombra: Un Festival Europeo \u00bfCu\u00e1ndo?: Martes, 12 de marzo a las 12:00\u00bfD\u00f3nde?: Filmoteca Regional | Sala BPrecio: Gratuito Participan: Eva Serna L\u00f3pez (Documentalista del Centro Europe Direct Regi\u00f3n de Murcia) Juan Antonio Iborra (T\u00e9cnico responsable de proyectos europeos de la Direcci\u00f3n General de la UE (DGUE) Javier Garc\u00eda (Director Sombra)","og_url":"https:\/\/sombrafestival.com\/en\/charla-sombra-un-festival-europeo\/","og_site_name":"Sombra Festival","article_publisher":"https:\/\/www.facebook.com\/Sombra-Festival-De-CINE-Fantastico-Europeo-De-Murcia-175337032531429\/","article_modified_time":"2024-02-28T16:55:19+00:00","og_image":[{"width":900,"height":892,"url":"https:\/\/sombrafestival.com\/wp-content\/uploads\/2023\/02\/la-llamada-de-Cthulhu.jpg","type":"image\/jpeg"}],"twitter_card":"summary_large_image","twitter_site":"@SombraFestival","schema":{"@context":"https:\/\/schema.org","@graph":[{"@type":"WebPage","@id":"https:\/\/sombrafestival.com\/charla-sombra-un-festival-europeo\/","url":"https:\/\/sombrafestival.com\/charla-sombra-un-festival-europeo\/","name":"Charla | Sombra: Un Festival Europeo - Sombra Festival","isPartOf":{"@id":"https:\/\/sombrafestival.com\/en\/#website"},"primaryImageOfPage":{"@id":"https:\/\/sombrafestival.com\/charla-sombra-un-festival-europeo\/#primaryimage"},"image":{"@id":"https:\/\/sombrafestival.com\/charla-sombra-un-festival-europeo\/#primaryimage"},"thumbnailUrl":"https:\/\/sombrafestival.com\/wp-content\/uploads\/2023\/02\/la-llamada-de-Cthulhu.jpg","datePublished":"2024-02-26T19:52:33+00:00","dateModified":"2024-02-28T16:55:19+00:00","breadcrumb":{"@id":"https:\/\/sombrafestival.com\/charla-sombra-un-festival-europeo\/#breadcrumb"},"inLanguage":"en-GB","potentialAction":[{"@type":"ReadAction","target":["https:\/\/sombrafestival.com\/charla-sombra-un-festival-europeo\/"]}]},{"@type":"ImageObject","inLanguage":"en-GB","@id":"https:\/\/sombrafestival.com\/charla-sombra-un-festival-europeo\/#primaryimage","url":"https:\/\/sombrafestival.com\/wp-content\/uploads\/2023\/02\/la-llamada-de-Cthulhu.jpg","contentUrl":"https:\/\/sombrafestival.com\/wp-content\/uploads\/2023\/02\/la-llamada-de-Cthulhu.jpg","width":900,"height":892},{"@type":"BreadcrumbList","@id":"https:\/\/sombrafestival.com\/charla-sombra-un-festival-europeo\/#breadcrumb","itemListElement":[{"@type":"ListItem","position":1,"name":"Portada","item":"https:\/\/sombrafestival.com\/"},{"@type":"ListItem","position":2,"name":"Charla | Sombra: Un Festival Europeo"}]},{"@type":"WebSite","@id":"https:\/\/sombrafestival.com\/en\/#website","url":"https:\/\/sombrafestival.com\/en\/","name":"Sombra Festival","description":"XIII Festival de Cine Fant\u00e1stico Europeo de Murcia, 8-17 MARZO 2024","publisher":{"@id":"https:\/\/sombrafestival.com\/en\/#organization"},"potentialAction":[{"@type":"SearchAction","target":{"@type":"EntryPoint","urlTemplate":"https:\/\/sombrafestival.com\/en\/?s={search_term_string}"},"query-input":{"@type":"PropertyValueSpecification","valueRequired":true,"valueName":"search_term_string"}}],"inLanguage":"en-GB"},{"@type":"Organization","@id":"https:\/\/sombrafestival.com\/en\/#organization","name":"SOMBRA, IX FESTIVAL DE CINE FANTASTICO EUROPEO DE MURCIA","url":"https:\/\/sombrafestival.com\/en\/","logo":{"@type":"ImageObject","inLanguage":"en-GB","@id":"https:\/\/sombrafestival.com\/en\/#\/schema\/logo\/image\/","url":"https:\/\/sombrafestival.com\/wp-content\/uploads\/2019\/10\/Sombra-LogoIdentificador-Negativo.jpg","contentUrl":"https:\/\/sombrafestival.com\/wp-content\/uploads\/2019\/10\/Sombra-LogoIdentificador-Negativo.jpg","width":400,"height":400,"caption":"SOMBRA, IX FESTIVAL DE CINE FANTASTICO EUROPEO DE MURCIA"},"image":{"@id":"https:\/\/sombrafestival.com\/en\/#\/schema\/logo\/image\/"},"sameAs":["https:\/\/www.facebook.com\/Sombra-Festival-De-CINE-Fantastico-Europeo-De-Murcia-175337032531429\/","https:\/\/x.com\/SombraFestival","https:\/\/www.instagram.com\/sombrafestival\/","https:\/\/www.youtube.com\/channel\/UCBdSJni9V30Tq4cGf4Lj0Ug?view_as=subscriber"]}]}},"_links":{"self":[{"href":"https:\/\/sombrafestival.com\/en\/wp-json\/wp\/v2\/pages\/6543","targetHints":{"allow":["GET"]}}],"collection":[{"href":"https:\/\/sombrafestival.com\/en\/wp-json\/wp\/v2\/pages"}],"about":[{"href":"https:\/\/sombrafestival.com\/en\/wp-json\/wp\/v2\/types\/page"}],"author":[{"embeddable":true,"href":"https:\/\/sombrafestival.com\/en\/wp-json\/wp\/v2\/users\/2"}],"replies":[{"embeddable":true,"href":"https:\/\/sombrafestival.com\/en\/wp-json\/wp\/v2\/comments?post=6543"}],"version-history":[{"count":2,"href":"https:\/\/sombrafestival.com\/en\/wp-json\/wp\/v2\/pages\/6543\/revisions"}],"predecessor-version":[{"id":6564,"href":"https:\/\/sombrafestival.com\/en\/wp-json\/wp\/v2\/pages\/6543\/revisions\/6564"}],"wp:featuredmedia":[{"embeddable":true,"href":"https:\/\/sombrafestival.com\/en\/wp-json\/wp\/v2\/media\/5515"}],"wp:attachment":[{"href":"https:\/\/sombrafestival.com\/en\/wp-json\/wp\/v2\/media?parent=6543"}],"curies":[{"name":"wp","href":"https:\/\/api.w.org\/{rel}","templated":true}]}}

<p><strong>Charla | Sombra: Un Festival Europeo</strong></p>



<p class="has-text-color has-background has-vivid-red-color has-very-light-gray-background-color"><strong>¿Cuándo?:</strong> Martes, 12 de marzo a las 12:00<br><strong>¿Dónde?:</strong> Filmoteca Regional | Sala B<br><strong>Precio:</strong> Gratuito</p>



<p><strong>Participan: </strong></p>



<ul class="wp-block-list"><li><strong>Eva Serna López</strong> (Documentalista del Centro Europe Direct Región de Murcia)</li><li><strong>Juan Antonio Iborra </strong>(Técnico responsable de proyectos europeos de la Dirección General de la UE (DGUE)</li><li><strong>Javier García </strong>(Director Sombra)</li></ul>



<figure class="wp-block-image size-large"><img loading="lazy" decoding="async" width="1000" height="563" src="https://sombrafestival.com/wp-content/uploads/2024/02/cine.jpg" alt="" class="wp-image-6544" srcset="https://sombrafestival.com/wp-content/uploads/2024/02/cine.jpg 1000w, https://sombrafestival.com/wp-content/uploads/2024/02/cine-300x169.jpg 300w, https://sombrafestival.com/wp-content/uploads/2024/02/cine-768x432.jpg 768w, https://sombrafestival.com/wp-content/uploads/2024/02/cine-18x10.jpg 18w, https://sombrafestival.com/wp-content/uploads/2024/02/cine-696x392.jpg 696w, https://sombrafestival.com/wp-content/uploads/2024/02/cine-746x420.jpg 746w" sizes="auto, (max-width: 1000px) 100vw, 1000px" /></figure>

<p>Charla | Sombra: Un Festival Europeo ¿Cuándo?: Martes, 12 de marzo a las 12:00¿Dónde?: Filmoteca Regional | Sala BPrecio: Gratuito Participan: Eva Serna López (Documentalista del Centro Europe Direct Región de Murcia) Juan Antonio Iborra (Técnico responsable de proyectos europeos de la Dirección General de la UE (DGUE) Javier García (Director Sombra)</p>

<!-- This site is optimized with the Yoast SEO plugin v24.3 - https://yoast.com/wordpress/plugins/seo/ -->
<title>Charla | Sombra: Un Festival Europeo - Sombra Festival</title>
<meta name="robots" content="index, follow, max-snippet:-1, max-image-preview:large, max-video-preview:-1" />
<link rel="canonical" href="https://sombrafestival.com/en/charla-sombra-un-festival-europeo/" />
<meta property="og:locale" content="en_GB" />
<meta property="og:type" content="article" />
<meta property="og:title" content="Charla | Sombra: Un Festival Europeo - Sombra Festival" />
<meta property="og:description" content="Charla | Sombra: Un Festival Europeo ¿Cuándo?: Martes, 12 de marzo a las 12:00¿Dónde?: Filmoteca Regional | Sala BPrecio: Gratuito Participan: Eva Serna López (Documentalista del Centro Europe Direct Región de Murcia) Juan Antonio Iborra (Técnico responsable de proyectos europeos de la Dirección General de la UE (DGUE) Javier García (Director Sombra)" />
<meta property="og:url" content="https://sombrafestival.com/en/charla-sombra-un-festival-europeo/" />
<meta property="og:site_name" content="Sombra Festival" />
<meta property="article:publisher" content="https://www.facebook.com/Sombra-Festival-De-CINE-Fantastico-Europeo-De-Murcia-175337032531429/" />
<meta property="article:modified_time" content="2024-02-28T16:55:19+00:00" />
<meta property="og:image" content="https://sombrafestival.com/wp-content/uploads/2023/02/la-llamada-de-Cthulhu.jpg" />
	<meta property="og:image:width" content="900" />
	<meta property="og:image:height" content="892" />
	<meta property="og:image:type" content="image/jpeg" />
<meta name="twitter:card" content="summary_large_image" />
<meta name="twitter:site" content="@SombraFestival" />
<script type="application/ld+json" class="yoast-schema-graph">{"@context":"https://schema.org","@graph":[{"@type":"WebPage","@id":"https://sombrafestival.com/charla-sombra-un-festival-europeo/","url":"https://sombrafestival.com/charla-sombra-un-festival-europeo/","name":"Charla | Sombra: Un Festival Europeo - Sombra Festival","isPartOf":{"@id":"https://sombrafestival.com/en/#website"},"primaryImageOfPage":{"@id":"https://sombrafestival.com/charla-sombra-un-festival-europeo/#primaryimage"},"image":{"@id":"https://sombrafestival.com/charla-sombra-un-festival-europeo/#primaryimage"},"thumbnailUrl":"https://sombrafestival.com/wp-content/uploads/2023/02/la-llamada-de-Cthulhu.jpg","datePublished":"2024-02-26T19:52:33+00:00","dateModified":"2024-02-28T16:55:19+00:00","breadcrumb":{"@id":"https://sombrafestival.com/charla-sombra-un-festival-europeo/#breadcrumb"},"inLanguage":"en-GB","potentialAction":[{"@type":"ReadAction","target":["https://sombrafestival.com/charla-sombra-un-festival-europeo/"]}]},{"@type":"ImageObject","inLanguage":"en-GB","@id":"https://sombrafestival.com/charla-sombra-un-festival-europeo/#primaryimage","url":"https://sombrafestival.com/wp-content/uploads/2023/02/la-llamada-de-Cthulhu.jpg","contentUrl":"https://sombrafestival.com/wp-content/uploads/2023/02/la-llamada-de-Cthulhu.jpg","width":900,"height":892},{"@type":"BreadcrumbList","@id":"https://sombrafestival.com/charla-sombra-un-festival-europeo/#breadcrumb","itemListElement":[{"@type":"ListItem","position":1,"name":"Portada","item":"https://sombrafestival.com/"},{"@type":"ListItem","position":2,"name":"Charla | Sombra: Un Festival Europeo"}]},{"@type":"WebSite","@id":"https://sombrafestival.com/en/#website","url":"https://sombrafestival.com/en/","name":"Sombra Festival","description":"XIII Festival de Cine Fantástico Europeo de Murcia, 8-17 MARZO 2024","publisher":{"@id":"https://sombrafestival.com/en/#organization"},"potentialAction":[{"@type":"SearchAction","target":{"@type":"EntryPoint","urlTemplate":"https://sombrafestival.com/en/?s={search_term_string}"},"query-input":{"@type":"PropertyValueSpecification","valueRequired":true,"valueName":"search_term_string"}}],"inLanguage":"en-GB"},{"@type":"Organization","@id":"https://sombrafestival.com/en/#organization","name":"SOMBRA, IX FESTIVAL DE CINE FANTASTICO EUROPEO DE MURCIA","url":"https://sombrafestival.com/en/","logo":{"@type":"ImageObject","inLanguage":"en-GB","@id":"https://sombrafestival.com/en/#/schema/logo/image/","url":"https://sombrafestival.com/wp-content/uploads/2019/10/Sombra-LogoIdentificador-Negativo.jpg","contentUrl":"https://sombrafestival.com/wp-content/uploads/2019/10/Sombra-LogoIdentificador-Negativo.jpg","width":400,"height":400,"caption":"SOMBRA, IX FESTIVAL DE CINE FANTASTICO EUROPEO DE MURCIA"},"image":{"@id":"https://sombrafestival.com/en/#/schema/logo/image/"},"sameAs":["https://www.facebook.com/Sombra-Festival-De-CINE-Fantastico-Europeo-De-Murcia-175337032531429/","https://x.com/SombraFestival","https://www.instagram.com/sombrafestival/","https://www.youtube.com/channel/UCBdSJni9V30Tq4cGf4Lj0Ug?view_as=subscriber"]}]}</script>
<!-- / Yoast SEO plugin. -->

Charla | Sombra: Un Festival Europeo ¿Cuándo?: Martes, 12 de marzo a las 12:00¿Dónde?: Filmoteca Regional | Sala BPrecio: Gratuito Participan: Eva Serna López (Documentalista del Centro Europe Direct Región de Murcia) Juan Antonio Iborra (Técnico responsable de proyectos europeos de la Dirección General de la UE (DGUE) Javier García (Director Sombra)

XIII Festival de Cine Fantástico Europeo de Murcia, 8-17 MARZO 2024
